CRAN Package Check Results for Package abess

Last updated on 2022-11-30 12:54:25 CET.

Flavor Version Tinstall Tcheck Ttotal Status Flags
r-devel-linux-x86_64-debian-clang 0.4.6 269.70 104.19 373.89 OK
r-devel-linux-x86_64-debian-gcc 0.4.6 203.16 85.00 288.16 OK
r-devel-linux-x86_64-fedora-clang 0.4.6 437.87 OK
r-devel-linux-x86_64-fedora-gcc 0.4.6 479.67 OK
r-devel-windows-x86_64 0.4.6 163.00 179.00 342.00 OK
r-patched-linux-x86_64 0.4.6 208.35 103.15 311.50 OK
r-release-linux-x86_64 0.4.6 230.60 103.01 333.61 OK
r-release-macos-arm64 0.4.6 160.00 NOTE
r-release-macos-x86_64 0.4.6 172.00 NOTE
r-release-windows-x86_64 0.4.6 170.00 170.00 340.00 OK
r-oldrel-macos-arm64 0.4.6 156.00 NOTE
r-oldrel-macos-x86_64 0.4.6 171.00 NOTE
r-oldrel-windows-ix86+x86_64 0.4.6 242.00 139.00 381.00 OK

Check Details

Version: 0.4.6
Check: installed package size
Result: NOTE
     installed size is 96.4Mb
     sub-directories of 1Mb or more:
     libs 95.4Mb
Flavors: r-release-macos-arm64, r-release-macos-x86_64, r-oldrel-macos-arm64, r-oldrel-macos-x86_64