Last updated on 2023-09-25 06:10:56 CEST.
Flavor | Version | Tinstall | Tcheck | Ttotal | Status | Flags |
---|---|---|---|---|---|---|
r-devel-linux-x86_64-debian-clang | 0.4.8 | 254.76 | 111.09 | 365.85 | OK | |
r-devel-linux-x86_64-debian-gcc | 0.4.8 | 190.87 | 90.45 | 281.32 | OK | |
r-devel-linux-x86_64-fedora-clang | 0.4.8 | 425.02 | OK | |||
r-devel-linux-x86_64-fedora-gcc | 0.4.8 | 549.36 | OK | |||
r-devel-windows-x86_64 | 0.4.8 | 167.00 | 137.00 | 304.00 | OK | |
r-patched-linux-x86_64 | 0.4.8 | 237.25 | 116.82 | 354.07 | OK | |
r-release-linux-x86_64 | 0.4.8 | 226.29 | 116.53 | 342.82 | OK | |
r-release-macos-arm64 | 0.4.7 | 129.00 | NOTE | |||
r-release-macos-x86_64 | 0.4.8 | 373.00 | NOTE | |||
r-release-windows-x86_64 | 0.4.8 | 211.00 | 158.00 | 369.00 | OK | |
r-oldrel-macos-arm64 | 0.4.7 | 110.00 | NOTE | |||
r-oldrel-macos-x86_64 | 0.4.8 | 177.00 | NOTE | |||
r-oldrel-windows-x86_64 | 0.4.8 | 189.00 | 142.00 | 331.00 | OK |
Version: 0.4.7
Check: installed package size
Result: NOTE
installed size is 96.0Mb
sub-directories of 1Mb or more:
libs 95.0Mb
Flavors: r-release-macos-arm64, r-oldrel-macos-arm64
Version: 0.4.8
Check: installed package size
Result: NOTE
installed size is 90.8Mb
sub-directories of 1Mb or more:
libs 89.8Mb
Flavors: r-release-macos-x86_64, r-oldrel-macos-x86_64