Last updated on 2023-10-01 01:53:10 CEST.
Flavor | Version | Tinstall | Tcheck | Ttotal | Status | Flags |
---|---|---|---|---|---|---|
r-devel-linux-x86_64-debian-clang | 1.9 | 85.77 | 107.08 | 192.85 | OK | |
r-devel-linux-x86_64-debian-gcc | 1.9 | 61.45 | 78.69 | 140.14 | OK | |
r-devel-linux-x86_64-fedora-clang | 1.9 | 269.01 | OK | |||
r-devel-linux-x86_64-fedora-gcc | 1.9 | 275.26 | OK | |||
r-devel-windows-x86_64 | 1.9 | 68.00 | 115.00 | 183.00 | OK | |
r-patched-linux-x86_64 | 1.9 | 70.43 | 101.31 | 171.74 | OK | |
r-release-linux-x86_64 | 1.9 | 61.67 | 101.24 | 162.91 | OK | |
r-release-macos-arm64 | 1.9 | 71.00 | NOTE | |||
r-release-macos-x86_64 | 1.9 | 114.00 | NOTE | |||
r-release-windows-x86_64 | 1.9 | 89.00 | 133.00 | 222.00 | OK | |
r-oldrel-macos-arm64 | 1.9 | 61.00 | NOTE | |||
r-oldrel-macos-x86_64 | 1.9 | 85.00 | NOTE | |||
r-oldrel-windows-x86_64 | 1.9 | 88.00 | 129.00 | 217.00 | OK |
Version: 1.9
Check: installed package size
Result: NOTE
installed size is 5.4Mb
sub-directories of 1Mb or more:
data 2.6Mb
libs 2.5Mb
Flavors: r-release-macos-arm64, r-release-macos-x86_64, r-oldrel-macos-arm64, r-oldrel-macos-x86_64