Last updated on 2023-12-10 05:54:31 CET.
Flavor | Version | Tinstall | Tcheck | Ttotal | Status | Flags |
---|---|---|---|---|---|---|
r-devel-linux-x86_64-debian-clang | 0.4.0 | 546.74 | 44.21 | 590.95 | NOTE | |
r-devel-linux-x86_64-debian-gcc | 0.4.0 | 430.44 | 33.02 | 463.46 | NOTE | |
r-devel-linux-x86_64-fedora-clang | 0.4.0 | 890.01 | NOTE | |||
r-devel-linux-x86_64-fedora-gcc | 0.4.0 | 981.78 | NOTE | |||
r-devel-windows-x86_64 | 0.4.0 | 418.00 | 92.00 | 510.00 | NOTE | |
r-patched-linux-x86_64 | 0.4.0 | 504.39 | 41.45 | 545.84 | NOTE | |
r-release-linux-x86_64 | 0.4.0 | 518.56 | 41.16 | 559.72 | NOTE | |
r-release-macos-arm64 | 0.4.0 | 226.00 | NOTE | |||
r-release-macos-x86_64 | 0.4.0 | 408.00 | NOTE | |||
r-release-windows-x86_64 | 0.4.0 | 525.00 | 102.00 | 627.00 | NOTE | |
r-oldrel-macos-arm64 | 0.4.0 | 243.00 | NOTE | |||
r-oldrel-macos-x86_64 | 0.4.0 | 247.00 | NOTE | |||
r-oldrel-windows-x86_64 | 0.4.0 | 501.00 | 97.00 | 598.00 | OK |
Version: 0.4.0
Check: C++ specification
Result: NOTE
Specified C++11: please drop specification unless essential
Flavors: r-devel-linux-x86_64-debian-clang, r-devel-linux-x86_64-debian-gcc, r-devel-linux-x86_64-fedora-clang, r-devel-linux-x86_64-fedora-gcc, r-devel-windows-x86_64, r-patched-linux-x86_64, r-release-linux-x86_64, r-release-macos-arm64, r-release-macos-x86_64, r-release-windows-x86_64
Version: 0.4.0
Check: Rd files
Result: NOTE
checkRd: (-1) abclass.Rd:133: Lost braces; missing escapes or markup?
133 | \code{abclass.control()} returns an object of class {abclass.control}
| ^
checkRd: (-1) supclass.Rd:109: Lost braces; missing escapes or markup?
109 | to solve the equivalent linear programming problem via the package {Rglpk}.
| ^
checkRd: (-1) supclass.Rd:110: Lost braces; missing escapes or markup?
110 | It is recommended to use a recent version of {GLPK}.
| ^
Flavors: r-devel-linux-x86_64-debian-clang, r-devel-linux-x86_64-debian-gcc
Version: 0.4.0
Check: installed package size
Result: NOTE
installed size is 31.1Mb
sub-directories of 1Mb or more:
libs 30.7Mb
Flavors: r-release-macos-arm64, r-release-macos-x86_64, r-oldrel-macos-arm64, r-oldrel-macos-x86_64