Last updated on 2023-12-11 12:52:03 CET.
Flavor | Version | Tinstall | Tcheck | Ttotal | Status | Flags |
---|---|---|---|---|---|---|
r-devel-linux-x86_64-debian-clang | 1.0.0 | 11.06 | 199.51 | 210.57 | OK | |
r-devel-linux-x86_64-debian-gcc | 1.0.0 | 12.27 | 148.31 | 160.58 | OK | |
r-devel-linux-x86_64-fedora-clang | 1.0.0 | 261.32 | OK | |||
r-devel-linux-x86_64-fedora-gcc | 1.0.0 | 257.50 | OK | |||
r-devel-windows-x86_64 | 1.0.0 | 12.00 | 111.00 | 123.00 | ERROR | |
r-patched-linux-x86_64 | 1.0.0 | 14.10 | 185.84 | 199.94 | OK | |
r-release-linux-x86_64 | 1.0.0 | 9.09 | 188.23 | 197.32 | OK | |
r-release-macos-arm64 | 1.0.0 | 79.00 | OK | |||
r-release-macos-x86_64 | 1.0.0 | 178.00 | OK | |||
r-release-windows-x86_64 | 1.0.0 | 17.00 | 135.00 | 152.00 | ERROR | |
r-oldrel-macos-arm64 | 1.0.0 | 76.00 | OK | |||
r-oldrel-macos-x86_64 | 1.0.0 | 106.00 | OK | |||
r-oldrel-windows-x86_64 | 1.0.0 | 17.00 | 203.00 | 220.00 | OK |
Version: 1.0.0
Check: re-building of vignette outputs
Result: ERROR
Error(s) in re-building vignettes:
--- re-building 'aPEAR-vignette.Rmd' using rmarkdown
Quitting from lines 32-46 [unnamed-chunk-2] (aPEAR-vignette.Rmd)
Error: processing vignette 'aPEAR-vignette.Rmd' failed with diagnostics:
package or namespace load failed for 'clusterProfiler' in loadNamespace(j <- i[[1L]], c(lib.loc, .libPaths()), versionCheck = vI[[j]]):
there is no package called 'HPO.db'
--- failed re-building 'aPEAR-vignette.Rmd'
SUMMARY: processing the following file failed:
'aPEAR-vignette.Rmd'
Error: Vignette re-building failed.
Execution halted
Flavors: r-devel-windows-x86_64, r-release-windows-x86_64