Last updated on 2023-12-11 06:48:14 CET.
Flavor | Version | Tinstall | Tcheck | Ttotal | Status | Flags |
---|---|---|---|---|---|---|
r-devel-linux-x86_64-debian-clang | 1.3.6 | 16.45 | 166.01 | 182.46 | NOTE | |
r-devel-linux-x86_64-debian-gcc | 1.3.6 | 14.62 | 117.32 | 131.94 | NOTE | |
r-devel-linux-x86_64-fedora-clang | 1.3.6 | 226.67 | NOTE | |||
r-devel-linux-x86_64-fedora-gcc | 1.3.6 | 221.29 | NOTE | |||
r-devel-windows-x86_64 | 1.3.6 | 16.00 | 121.00 | 137.00 | NOTE | |
r-patched-linux-x86_64 | 1.3.6 | 11.94 | 150.55 | 162.49 | NOTE | |
r-release-linux-x86_64 | 1.3.6 | 11.42 | 153.39 | 164.81 | NOTE | |
r-release-macos-arm64 | 1.3.6 | 63.00 | NOTE | |||
r-release-macos-x86_64 | 1.3.6 | 101.00 | NOTE | |||
r-release-windows-x86_64 | 1.3.6 | 21.00 | 148.00 | 169.00 | NOTE | |
r-oldrel-macos-arm64 | 1.3.6 | 54.00 | OK | |||
r-oldrel-macos-x86_64 | 1.3.6 | 96.00 | OK | |||
r-oldrel-windows-x86_64 | 1.3.6 | 22.00 | 156.00 | 178.00 | OK |
Version: 1.3.6
Check: Rd files
Result: NOTE
checkRd: (-1) ALF.Rd:47: Escaped LaTeX specials: \&
checkRd: (-1) APEXMS.Rd:14: Lost braces in \enumerate; meant \describe ?
checkRd: (-1) APEXMS.Rd:15: Lost braces in \enumerate; meant \describe ?
Flavors: r-devel-linux-x86_64-debian-clang, r-devel-linux-x86_64-debian-gcc
Version: 1.3.6
Check: Rd files
Result: NOTE
checkRd: (-1) ALF.Rd:47: Escaped LaTeX specials: \&
Flavors: r-devel-linux-x86_64-fedora-clang, r-devel-linux-x86_64-fedora-gcc, r-devel-windows-x86_64, r-patched-linux-x86_64, r-release-linux-x86_64, r-release-macos-arm64, r-release-macos-x86_64, r-release-windows-x86_64