CRAN Package Check Results for Package aGE

Last updated on 2020-04-04 16:48:25 CEST.

Flavor Version Tinstall Tcheck Ttotal Status Flags
r-devel-linux-x86_64-debian-clang 0.0.9 2.92 30.56 33.48 NOTE
r-devel-linux-x86_64-debian-gcc 0.0.9 2.38 23.91 26.29 NOTE
r-devel-linux-x86_64-fedora-clang 0.0.9 42.70 OK
r-devel-linux-x86_64-fedora-gcc 0.0.9 41.67 OK
r-devel-windows-ix86+x86_64 0.0.9 6.00 40.00 46.00 NOTE
r-devel-windows-ix86+x86_64-gcc8 0.0.9 7.00 43.00 50.00 NOTE
r-patched-linux-x86_64 0.0.9 2.73 29.58 32.31 NOTE
r-patched-solaris-x86 0.0.9 62.90 OK
r-release-linux-x86_64 0.0.9 2.39 27.49 29.88 OK
r-release-windows-ix86+x86_64 0.0.9 5.00 60.00 65.00 OK
r-release-osx-x86_64 0.0.9 OK
r-oldrel-windows-ix86+x86_64 0.0.9 4.00 41.00 45.00 OK
r-oldrel-osx-x86_64 0.0.9 OK

Check Details

Version: 0.0.9
Check: package vignettes
Result: NOTE
    Package vignette with placeholder title 'Vignette Title':
     'About.Rmd'
Flavors: r-devel-linux-x86_64-debian-clang, r-devel-linux-x86_64-debian-gcc, r-devel-windows-ix86+x86_64, r-devel-windows-ix86+x86_64-gcc8, r-patched-linux-x86_64