CRAN Package Check Results for Package aGE

Last updated on 2019-07-24 09:50:17 CEST.

Flavor Version Tinstall Tcheck Ttotal Status Flags
r-devel-linux-x86_64-debian-clang 0.0.9 2.00 28.09 30.09 NOTE
r-devel-linux-x86_64-debian-gcc 0.0.9 1.99 22.40 24.39 NOTE
r-devel-linux-x86_64-fedora-clang 0.0.9 36.75 OK
r-devel-linux-x86_64-fedora-gcc 0.0.9 34.69 OK
r-devel-windows-ix86+x86_64 0.0.9 4.00 41.00 45.00 NOTE
r-patched-linux-x86_64 0.0.9 2.47 28.01 30.48 OK
r-patched-solaris-x86 0.0.9 56.20 OK
r-release-linux-x86_64 0.0.9 2.29 27.97 30.26 OK
r-release-windows-ix86+x86_64 0.0.9 5.00 41.00 46.00 OK
r-release-osx-x86_64 0.0.9 OK
r-oldrel-windows-ix86+x86_64 0.0.9 5.00 54.00 59.00 OK
r-oldrel-osx-x86_64 0.0.9 OK

Check Details

Version: 0.0.9
Check: package vignettes
Result: NOTE
    Package vignette with placeholder title 'Vignette Title':
     'About.Rmd'
Flavors: r-devel-linux-x86_64-debian-clang, r-devel-linux-x86_64-debian-gcc, r-devel-windows-ix86+x86_64