CRAN Package Check Results for Package ZVCV

Last updated on 2020-10-27 17:52:59 CET.

Flavor Version Tinstall Tcheck Ttotal Status Flags
r-devel-linux-x86_64-debian-clang 2.1.0 129.09 91.88 220.97 OK
r-devel-linux-x86_64-debian-gcc 2.1.0 94.43 69.72 164.15 OK
r-devel-linux-x86_64-fedora-clang 2.1.0 306.28 NOTE
r-devel-linux-x86_64-fedora-gcc 2.1.0 272.56 OK
r-devel-windows-ix86+x86_64 2.1.0 268.00 161.00 429.00 OK
r-patched-linux-x86_64 2.1.0 OK
r-patched-solaris-x86 2.1.0 268.60 OK
r-release-linux-x86_64 2.1.0 109.63 83.57 193.20 OK
r-release-macos-x86_64 2.1.0 NOTE
r-release-windows-ix86+x86_64 2.1.0 199.00 128.00 327.00 OK
r-oldrel-macos-x86_64 2.1.0 NOTE
r-oldrel-windows-ix86+x86_64 2.1.0 241.00 153.00 394.00 OK

Additional issues

rchk

Check Details

Version: 2.1.0
Check: installed package size
Result: NOTE
     installed size is 11.7Mb
     sub-directories of 1Mb or more:
     libs 11.4Mb
Flavors: r-devel-linux-x86_64-fedora-clang, r-release-macos-x86_64, r-oldrel-macos-x86_64