CRAN Package Check Results for Package ZIM

Last updated on 2022-07-03 15:52:48 CEST.

Flavor Version Tinstall Tcheck Ttotal Status Flags
r-devel-linux-x86_64-debian-clang 1.1.0 3.55 33.41 36.96 OK
r-devel-linux-x86_64-debian-gcc 1.1.0 3.76 25.33 29.09 OK
r-devel-linux-x86_64-fedora-clang 1.1.0 56.57 NOTE
r-devel-linux-x86_64-fedora-gcc 1.1.0 55.78 OK
r-devel-windows-x86_64 1.1.0 8.00 55.00 63.00 OK
r-patched-linux-x86_64 1.1.0 5.03 32.46 37.49 OK
r-release-linux-x86_64 1.1.0 3.50 32.71 36.21 OK
r-release-macos-arm64 1.1.0 18.00 OK
r-release-macos-x86_64 1.1.0 26.00 OK
r-release-windows-x86_64 1.1.0 13.00 56.00 69.00 OK
r-oldrel-macos-arm64 1.1.0 27.00 OK
r-oldrel-macos-x86_64 1.1.0 28.00 OK
r-oldrel-windows-ix86+x86_64 1.1.0 8.00 50.00 58.00 OK

Check Details

Version: 1.1.0
Check: Rd cross-references
Result: NOTE
    Undeclared package ‘dplyr’ in Rd xrefs
Flavor: r-devel-linux-x86_64-fedora-clang