CRAN Package Check Results for Package ZIBseq

Last updated on 2024-02-29 17:22:39 CET.

Flavor Version Tinstall Tcheck Ttotal Status Flags
r-devel-linux-x86_64-debian-clang 1.2 6.48 67.50 73.98 NOTE
r-devel-linux-x86_64-debian-gcc 1.2 5.55 51.92 57.47 NOTE
r-devel-linux-x86_64-fedora-clang 1.2 91.41 NOTE
r-devel-linux-x86_64-fedora-gcc 1.2 88.19 NOTE
r-devel-windows-x86_64 1.2 7.00 73.00 80.00 NOTE
r-patched-linux-x86_64 1.2 7.86 65.36 73.22 OK
r-release-linux-x86_64 1.2 7.12 65.33 72.45 OK
r-release-macos-arm64 1.2 32.00 OK
r-release-macos-x86_64 1.2 51.00 OK
r-release-windows-x86_64 1.2 9.00 80.00 89.00 OK
r-oldrel-macos-arm64 1.2 31.00 OK
r-oldrel-windows-x86_64 1.2 10.00 85.00 95.00 OK

Check Details

Version: 1.2
Check: Rd contents
Result: NOTE Auto-generated content requiring editing in Rd file 'ZIBseq-package.Rd': \seealso: ‘~~ Optional links to other man pages, e.g. ~~ ~~ \code{\link...’ Flavors: r-devel-linux-x86_64-debian-clang, r-devel-linux-x86_64-debian-gcc, r-devel-linux-x86_64-fedora-clang, r-devel-linux-x86_64-fedora-gcc, r-devel-windows-x86_64