CRAN Package Check Results for Package Z10

Last updated on 2020-07-14 23:48:32 CEST.

Flavor Version Tinstall Tcheck Ttotal Status Flags
r-devel-linux-x86_64-debian-clang 0.1.0 2.62 21.56 24.18 OK
r-devel-linux-x86_64-debian-gcc 0.1.0 2.16 17.07 19.23 OK
r-devel-linux-x86_64-fedora-clang 0.1.0 38.35 OK
r-devel-linux-x86_64-fedora-gcc 0.1.0 29.14 OK
r-devel-windows-ix86+x86_64 0.1.0 13.00 48.00 61.00 OK
r-patched-linux-x86_64 0.1.0 2.81 21.70 24.51 OK
r-patched-solaris-x86 0.1.0 43.00 OK
r-release-linux-x86_64 0.1.0 2.68 21.64 24.32 OK
r-release-macos-x86_64 0.1.0 ERROR
r-release-windows-ix86+x86_64 0.1.0 9.00 52.00 61.00 OK
r-oldrel-macos-x86_64 0.1.0 OK
r-oldrel-windows-ix86+x86_64 0.1.0 7.00 43.00 50.00 OK

Check Details

Version: 0.1.0
Check: whether package can be installed
Result: ERROR
    Installation failed.
Flavor: r-release-macos-x86_64