CRAN Package Check Results for Package YPBP

Last updated on 2020-08-03 21:49:02 CEST.

Flavor Version Tinstall Tcheck Ttotal Status Flags
r-devel-linux-x86_64-debian-clang 0.0.1 247.47 149.95 397.42 NOTE
r-devel-linux-x86_64-debian-gcc 0.0.1 236.90 120.21 357.11 NOTE
r-devel-linux-x86_64-fedora-clang 0.0.1 540.13 NOTE
r-devel-linux-x86_64-fedora-gcc 0.0.1 565.83 NOTE
r-devel-windows-ix86+x86_64 0.0.1 337.00 5.00 342.00 ERROR
r-patched-linux-x86_64 0.0.1 249.28 156.14 405.42 NOTE
r-patched-solaris-x86 0.0.1 567.30 NOTE
r-release-linux-x86_64 0.0.1 238.35 171.28 409.63 NOTE
r-release-macos-x86_64 0.0.1 NOTE
r-release-windows-ix86+x86_64 0.0.1 578.00 354.00 932.00 NOTE
r-oldrel-macos-x86_64 0.0.1 NOTE
r-oldrel-windows-ix86+x86_64 0.0.1 391.00 330.00 721.00 NOTE

Check Details

Version: 0.0.1
Check: for GNU extensions in Makefiles
Result: NOTE
    GNU make is a SystemRequirements.
Flavors: r-devel-linux-x86_64-debian-clang, r-devel-linux-x86_64-debian-gcc, r-devel-linux-x86_64-fedora-clang, r-devel-linux-x86_64-fedora-gcc, r-patched-linux-x86_64, r-patched-solaris-x86, r-release-linux-x86_64, r-release-macos-x86_64, r-release-windows-ix86+x86_64, r-oldrel-macos-x86_64, r-oldrel-windows-ix86+x86_64

Version: 0.0.1
Check: installed package size
Result: NOTE
     installed size is 49.7Mb
     sub-directories of 1Mb or more:
     libs 49.3Mb
Flavors: r-devel-linux-x86_64-fedora-clang, r-release-macos-x86_64, r-release-windows-ix86+x86_64, r-oldrel-macos-x86_64, r-oldrel-windows-ix86+x86_64

Version: 0.0.1
Check: dependencies in R code
Result: NOTE
    Namespace in Imports field not imported from: ‘rstantools’
     All declared Imports should be used.
Flavors: r-devel-linux-x86_64-fedora-clang, r-devel-linux-x86_64-fedora-gcc, r-patched-solaris-x86, r-release-macos-x86_64, r-oldrel-macos-x86_64

Version: 0.0.1
Check: whether package can be installed
Result: ERROR
    Installation failed.
Flavor: r-devel-windows-ix86+x86_64