CRAN Package Check Results for Package YPBP

Last updated on 2020-10-27 20:47:56 CET.

Flavor Version Tinstall Tcheck Ttotal Status Flags
r-devel-linux-x86_64-debian-clang 0.0.1 259.86 156.59 416.45 NOTE
r-devel-linux-x86_64-debian-gcc 0.0.1 226.73 124.78 351.51 NOTE
r-devel-linux-x86_64-fedora-clang 0.0.1 558.17 NOTE
r-devel-linux-x86_64-fedora-gcc 0.0.1 623.78 NOTE
r-devel-windows-ix86+x86_64 0.0.1 552.00 314.00 866.00 NOTE
r-patched-linux-x86_64 0.0.1 ERROR
r-patched-solaris-x86 0.0.1 573.60 NOTE
r-release-linux-x86_64 0.0.1 0.45 2.61 3.06 ERROR
r-release-macos-x86_64 0.0.1 NOTE
r-release-windows-ix86+x86_64 0.0.1 408.00 251.00 659.00 NOTE
r-oldrel-macos-x86_64 0.0.1 NOTE
r-oldrel-windows-ix86+x86_64 0.0.1 529.00 296.00 825.00 NOTE

Check Details

Version: 0.0.1
Check: for GNU extensions in Makefiles
Result: NOTE
    GNU make is a SystemRequirements.
Flavors: r-devel-linux-x86_64-debian-clang, r-devel-linux-x86_64-debian-gcc, r-devel-linux-x86_64-fedora-clang, r-devel-linux-x86_64-fedora-gcc, r-devel-windows-ix86+x86_64, r-patched-solaris-x86, r-release-macos-x86_64, r-release-windows-ix86+x86_64, r-oldrel-macos-x86_64, r-oldrel-windows-ix86+x86_64

Version: 0.0.1
Check: installed package size
Result: NOTE
     installed size is 48.4Mb
     sub-directories of 1Mb or more:
     libs 48.0Mb
Flavors: r-devel-linux-x86_64-fedora-clang, r-devel-windows-ix86+x86_64, r-release-macos-x86_64, r-release-windows-ix86+x86_64, r-oldrel-macos-x86_64, r-oldrel-windows-ix86+x86_64

Version: 0.0.1
Check: dependencies in R code
Result: NOTE
    Namespace in Imports field not imported from: ‘rstantools’
     All declared Imports should be used.
Flavors: r-devel-linux-x86_64-fedora-clang, r-devel-linux-x86_64-fedora-gcc, r-patched-solaris-x86, r-release-macos-x86_64, r-oldrel-macos-x86_64

Version: 0.0.1
Check: package dependencies
Result: ERROR
    Package required but not available: ‘rstan’
    
    See section ‘The DESCRIPTION file’ in the ‘Writing R Extensions’
    manual.
Flavors: r-patched-linux-x86_64, r-release-linux-x86_64