CRAN Package Check Results for Package Xplortext

Last updated on 2020-06-01 06:48:42 CEST.

Flavor Version Tinstall Tcheck Ttotal Status Flags
r-devel-linux-x86_64-debian-clang 1.3.2 18.95 107.10 126.05 OK
r-devel-linux-x86_64-debian-gcc 1.3.2 15.47 79.15 94.62 OK
r-devel-linux-x86_64-fedora-clang 1.3.2 154.04 NOTE
r-devel-linux-x86_64-fedora-gcc 1.3.2 159.29 NOTE
r-devel-windows-ix86+x86_64 1.3.2 46.00 121.00 167.00 OK
r-patched-linux-x86_64 1.3.2 16.94 105.39 122.33 OK
r-patched-solaris-x86 1.3.2 204.30 NOTE
r-release-linux-x86_64 1.3.2 15.10 104.80 119.90 OK
r-release-osx-x86_64 1.3.2 NOTE
r-release-windows-ix86+x86_64 1.3.2 34.00 159.00 193.00 OK
r-oldrel-osx-x86_64 1.3.2 NOTE
r-oldrel-windows-ix86+x86_64 1.3.2 29.00 115.00 144.00 OK

Check Details

Version: 1.3.2
Check: dependencies in R code
Result: NOTE
    Namespace in Imports field not imported from: ‘ggdendro’
     All declared Imports should be used.
Flavors: r-devel-linux-x86_64-fedora-clang, r-devel-linux-x86_64-fedora-gcc, r-patched-solaris-x86, r-release-osx-x86_64, r-oldrel-osx-x86_64