CRAN Package Check Results for Package Xplortext

Last updated on 2019-09-22 19:51:35 CEST.

Flavor Version Tinstall Tcheck Ttotal Status Flags
r-devel-linux-x86_64-debian-clang 1.2.1 9.82 78.28 88.10 OK
r-devel-linux-x86_64-debian-gcc 1.2.1 8.72 58.55 67.27 OK
r-devel-linux-x86_64-fedora-clang 1.2.1 104.84 NOTE
r-devel-linux-x86_64-fedora-gcc 1.2.1 101.34 NOTE
r-devel-windows-ix86+x86_64 1.2.1 35.00 124.00 159.00 OK
r-patched-linux-x86_64 1.2.1 9.74 74.65 84.39 OK
r-patched-solaris-x86 1.2.1 148.50 NOTE
r-release-linux-x86_64 1.2.1 9.68 74.87 84.55 OK
r-release-windows-ix86+x86_64 1.2.1 34.00 128.00 162.00 OK
r-release-osx-x86_64 1.2.1 NOTE
r-oldrel-windows-ix86+x86_64 1.2.1 16.00 91.00 107.00 OK
r-oldrel-osx-x86_64 1.2.1 NOTE

Check Details

Version: 1.2.1
Check: dependencies in R code
Result: NOTE
    Namespaces in Imports field not imported from:
     ‘MASS’ ‘ggdendro’
     All declared Imports should be used.
Flavors: r-devel-linux-x86_64-fedora-clang, r-devel-linux-x86_64-fedora-gcc, r-patched-solaris-x86, r-release-osx-x86_64, r-oldrel-osx-x86_64