Last updated on 2023-06-05 21:59:23 CEST.
Flavor | Version | Tinstall | Tcheck | Ttotal | Status | Flags |
---|---|---|---|---|---|---|
r-devel-linux-x86_64-debian-clang | 3.99-0.14 | 30.08 | 95.24 | 125.32 | OK | |
r-devel-linux-x86_64-debian-gcc | 3.99-0.14 | 19.58 | 72.04 | 91.62 | OK | |
r-devel-linux-x86_64-fedora-clang | 3.99-0.14 | 157.49 | OK | |||
r-devel-linux-x86_64-fedora-gcc | 3.99-0.14 | 152.35 | OK | |||
r-devel-windows-x86_64 | 3.99-0.14 | 34.00 | 121.00 | 155.00 | NOTE | |
r-patched-linux-x86_64 | 3.99-0.14 | 26.62 | 91.90 | 118.52 | OK | |
r-release-linux-x86_64 | 3.99-0.14 | 22.82 | 90.39 | 113.21 | OK | |
r-release-macos-arm64 | 3.99-0.14 | 46.00 | OK | |||
r-release-macos-x86_64 | 3.99-0.14 | 75.00 | OK | |||
r-release-windows-x86_64 | 3.99-0.14 | 38.00 | 149.00 | 187.00 | NOTE | |
r-oldrel-macos-arm64 | 3.99-0.14 | 50.00 | OK | |||
r-oldrel-macos-x86_64 | 3.99-0.14 | 82.00 | OK | |||
r-oldrel-windows-x86_64 | 3.99-0.14 | 184.00 | 154.00 | 338.00 | NOTE |
Version: 3.99-0.14
Check: installed package size
Result: NOTE
installed size is 5.2Mb
sub-directories of 1Mb or more:
exampleData 1.3Mb
libs 2.2Mb
Flavors: r-devel-windows-x86_64, r-release-windows-x86_64, r-oldrel-windows-x86_64