Last updated on 2023-02-02 11:54:21 CET.
Flavor | Version | Tinstall | Tcheck | Ttotal | Status | Flags |
---|---|---|---|---|---|---|
r-devel-linux-x86_64-debian-clang | 3.99-0.13 | 31.18 | 94.71 | 125.89 | OK | |
r-devel-linux-x86_64-debian-gcc | 3.99-0.13 | 19.46 | 69.14 | 88.60 | OK | |
r-devel-linux-x86_64-fedora-clang | 3.99-0.13 | 153.73 | OK | |||
r-devel-linux-x86_64-fedora-gcc | 3.99-0.13 | 158.44 | OK | |||
r-devel-windows-x86_64 | 3.99-0.13 | 214.00 | 166.00 | 380.00 | NOTE | |
r-patched-linux-x86_64 | 3.99-0.13 | 28.11 | 88.04 | 116.15 | OK | |
r-release-linux-x86_64 | 3.99-0.13 | 25.72 | 86.49 | 112.21 | OK | |
r-release-macos-arm64 | 3.99-0.13 | 68.00 | OK | |||
r-release-macos-x86_64 | 3.99-0.13 | 81.00 | OK | |||
r-release-windows-x86_64 | 3.99-0.13 | 148.00 | 171.00 | 319.00 | NOTE | |
r-oldrel-macos-arm64 | 3.99-0.13 | 60.00 | OK | |||
r-oldrel-macos-x86_64 | 3.99-0.13 | 86.00 | OK | |||
r-oldrel-windows-ix86+x86_64 | 3.99-0.13 | 53.00 | 149.00 | 202.00 | NOTE |
Version: 3.99-0.13
Check: installed package size
Result: NOTE
installed size is 5.2Mb
sub-directories of 1Mb or more:
exampleData 1.3Mb
libs 2.2Mb
Flavors: r-devel-windows-x86_64, r-release-windows-x86_64, r-oldrel-windows-ix86+x86_64