CRAN Package Check Results for Package XLConnect

Last updated on 2022-12-08 10:53:36 CET.

Flavor Version Tinstall Tcheck Ttotal Status Flags
r-devel-linux-x86_64-debian-clang 1.0.6 11.88 174.54 186.42 OK
r-devel-linux-x86_64-debian-gcc 1.0.6 8.76 141.30 150.06 OK
r-devel-linux-x86_64-fedora-clang 1.0.6 228.02 NOTE
r-devel-linux-x86_64-fedora-gcc 1.0.6 238.53 OK
r-devel-windows-x86_64 1.0.6 268.00 312.00 580.00 NOTE
r-patched-linux-x86_64 1.0.6 13.79 163.80 177.59 OK
r-release-linux-x86_64 1.0.6 10.20 174.70 184.90 OK
r-release-macos-arm64 1.0.6 86.00 NOTE
r-release-macos-x86_64 1.0.6 109.00 NOTE
r-release-windows-x86_64 1.0.6 304.00 308.00 612.00 NOTE
r-oldrel-macos-arm64 1.0.6 76.00 NOTE
r-oldrel-macos-x86_64 1.0.6 107.00 NOTE
r-oldrel-windows-ix86+x86_64 1.0.6 37.00 227.00 264.00 NOTE

Check Details

Version: 1.0.6
Check: installed package size
Result: NOTE
     installed size is 27.0Mb
     sub-directories of 1Mb or more:
     java 24.4Mb
Flavors: r-devel-linux-x86_64-fedora-clang, r-devel-windows-x86_64, r-release-macos-arm64, r-release-macos-x86_64, r-release-windows-x86_64, r-oldrel-macos-arm64, r-oldrel-macos-x86_64, r-oldrel-windows-ix86+x86_64