Last updated on 2023-12-04 20:10:18 CET.
Flavor | Version | Tinstall | Tcheck | Ttotal | Status | Flags |
---|---|---|---|---|---|---|
r-devel-linux-x86_64-debian-clang | 1.0.7 | 11.69 | 181.84 | 193.53 | OK | |
r-devel-linux-x86_64-debian-gcc | 1.0.7 | 9.77 | 140.00 | 149.77 | OK | |
r-devel-linux-x86_64-fedora-clang | 1.0.7 | 225.89 | NOTE | |||
r-devel-linux-x86_64-fedora-gcc | 1.0.7 | 230.91 | OK | |||
r-devel-windows-x86_64 | 1.0.7 | 20.00 | 238.00 | 258.00 | NOTE | |
r-patched-linux-x86_64 | 1.0.7 | 14.55 | 179.30 | 193.85 | OK | |
r-release-linux-x86_64 | 1.0.7 | 13.26 | 179.69 | 192.95 | OK | |
r-release-macos-arm64 | 1.0.7 | 94.00 | NOTE | |||
r-release-macos-x86_64 | 1.0.7 | 138.00 | NOTE | |||
r-release-windows-x86_64 | 1.0.7 | 21.00 | 258.00 | 279.00 | NOTE | |
r-oldrel-macos-arm64 | 1.0.7 | 91.00 | NOTE | |||
r-oldrel-macos-x86_64 | 1.0.7 | 113.00 | NOTE | |||
r-oldrel-windows-x86_64 | 1.0.7 | 26.00 | 253.00 | 279.00 | NOTE |
Version: 1.0.7
Check: installed package size
Result: NOTE
installed size is 27.0Mb
sub-directories of 1Mb or more:
java 24.5Mb
Flavors: r-devel-linux-x86_64-fedora-clang, r-devel-windows-x86_64, r-release-macos-arm64, r-release-macos-x86_64, r-release-windows-x86_64, r-oldrel-macos-arm64, r-oldrel-macos-x86_64, r-oldrel-windows-x86_64