CRAN Package Check Results for Package XICOR

Last updated on 2023-03-28 02:55:09 CEST.

Flavor Version Tinstall Tcheck Ttotal Status Flags
r-devel-linux-x86_64-debian-clang 0.3.3 1.50 26.13 27.63 NOTE
r-devel-linux-x86_64-debian-gcc 0.3.3 1.75 19.94 21.69 NOTE
r-devel-linux-x86_64-fedora-clang 0.3.3 35.66 NOTE
r-devel-linux-x86_64-fedora-gcc 0.3.3 33.52 NOTE
r-patched-linux-x86_64 0.3.3 2.31 24.77 27.08 NOTE
r-release-linux-x86_64 0.3.3 2.22 27.33 29.55 NOTE
r-release-macos-arm64 0.3.3 17.00 NOTE
r-release-macos-x86_64 0.3.3 21.00 NOTE
r-release-windows-x86_64 0.3.3 9.00 55.00 64.00 NOTE
r-oldrel-macos-arm64 0.3.3 20.00 NOTE
r-oldrel-macos-x86_64 0.3.3 30.00 NOTE
r-oldrel-windows-ix86+x86_64 0.3.3 5.00 50.00 55.00 NOTE

Check Details

Version: 0.3.3
Check: LazyData
Result: NOTE
     'LazyData' is specified without a 'data' directory
Flavors: r-devel-linux-x86_64-debian-clang, r-devel-linux-x86_64-debian-gcc, r-devel-linux-x86_64-fedora-clang, r-devel-linux-x86_64-fedora-gcc, r-patched-linux-x86_64, r-release-linux-x86_64, r-release-macos-arm64, r-release-macos-x86_64, r-release-windows-x86_64, r-oldrel-macos-arm64, r-oldrel-macos-x86_64, r-oldrel-windows-ix86+x86_64

Version: 0.3.3
Check: dependencies in R code
Result: NOTE
    Namespace in Imports field not imported from: ‘psychTools’
     All declared Imports should be used.
Flavors: r-devel-linux-x86_64-fedora-clang, r-devel-linux-x86_64-fedora-gcc, r-release-macos-arm64, r-release-macos-x86_64, r-oldrel-macos-arm64, r-oldrel-macos-x86_64