CRAN Package Check Results for Package WufooR

Last updated on 2019-04-24 15:57:43 CEST.

Flavor Version Tinstall Tcheck Ttotal Status Flags
r-devel-linux-x86_64-debian-clang 0.9 3.53 34.47 38.00 OK
r-devel-linux-x86_64-debian-gcc 0.9 3.12 27.17 30.29 OK
r-devel-linux-x86_64-fedora-clang 0.9 45.47 OK
r-devel-linux-x86_64-fedora-gcc 0.9 43.31 OK
r-devel-windows-ix86+x86_64 0.9 10.00 66.00 76.00 OK
r-patched-linux-x86_64 0.9 3.36 33.93 37.29 OK
r-patched-solaris-x86 0.9 68.80 OK
r-release-linux-x86_64 0.9 2.33 31.96 34.29 OK
r-release-windows-ix86+x86_64 0.9 5.00 69.00 74.00 OK
r-release-osx-x86_64 0.9 OK
r-oldrel-windows-ix86+x86_64 0.8 5.00 53.00 58.00 OK
r-oldrel-osx-x86_64 0.9 ERROR

Check Details

Version: 0.9
Check: whether package can be installed
Result: ERROR
    Installation failed.
Flavor: r-oldrel-osx-x86_64