CRAN Package Check Results for Package WrightMap

Last updated on 2023-12-04 20:10:18 CET.

Flavor Version Tinstall Tcheck Ttotal Status Flags
r-devel-linux-x86_64-debian-clang 1.3 5.65 40.25 45.90 NOTE
r-devel-linux-x86_64-debian-gcc 1.3 4.03 30.46 34.49 NOTE
r-devel-linux-x86_64-fedora-clang 1.3 55.39 OK
r-devel-linux-x86_64-fedora-gcc 1.3 53.39 OK
r-devel-windows-x86_64 1.3 5.00 59.00 64.00 OK
r-patched-linux-x86_64 1.3 6.06 39.40 45.46 OK
r-release-linux-x86_64 1.3 3.67 39.08 42.75 OK
r-release-macos-arm64 1.3 22.00 OK
r-release-macos-x86_64 1.3 32.00 OK
r-release-windows-x86_64 1.3 5.00 62.00 67.00 OK
r-oldrel-macos-arm64 1.3 26.00 OK
r-oldrel-macos-x86_64 1.3 29.00 OK
r-oldrel-windows-x86_64 1.3 38.00 92.00 130.00 OK

Check Details

Version: 1.3
Check: Rd files
Result: NOTE checkRd: (-1) item.side.Rd:35: Lost braces 35 | code{TRUE}. If any other value, the axis is not drawn.} | ^ Flavors: r-devel-linux-x86_64-debian-clang, r-devel-linux-x86_64-debian-gcc