Last updated on 2023-12-11 05:52:12 CET.
Flavor | Version | Tinstall | Tcheck | Ttotal | Status | Flags |
---|---|---|---|---|---|---|
r-devel-linux-x86_64-debian-clang | 1.13-2 | 3.63 | 35.86 | 39.49 | NOTE | |
r-devel-linux-x86_64-debian-gcc | 1.13-2 | 3.90 | 27.31 | 31.21 | NOTE | |
r-devel-linux-x86_64-fedora-clang | 1.13-2 | 54.41 | NOTE | |||
r-devel-linux-x86_64-fedora-gcc | 1.13-2 | 49.53 | NOTE | |||
r-devel-windows-x86_64 | 1.13-2 | 4.00 | 49.00 | 53.00 | OK | |
r-patched-linux-x86_64 | 1.13-2 | 4.60 | 35.65 | 40.25 | OK | |
r-release-linux-x86_64 | 1.13-2 | 4.92 | 34.91 | 39.83 | OK | |
r-release-macos-arm64 | 1.13-2 | 20.00 | OK | |||
r-release-macos-x86_64 | 1.13-2 | 39.00 | OK | |||
r-release-windows-x86_64 | 1.13-2 | 6.00 | 52.00 | 58.00 | OK | |
r-oldrel-macos-arm64 | 1.13-2 | 23.00 | OK | |||
r-oldrel-macos-x86_64 | 1.13-2 | 32.00 | OK | |||
r-oldrel-windows-x86_64 | 1.13-2 | 6.00 | 54.00 | 60.00 | OK |
Version: 1.13-2
Check: Rd files
Result: NOTE
checkRd: (-1) WFO.match.Rd:128: Lost braces
128 | Function \code{WFO.one} finds one unique matching name for each submitted name. Via \code{priority = "Accepted"}, it first limits candidates to accepted names, with a possible second step of eliminating accepted names that are synonyms. Via \code{priority = "Synonym"}, it first limits candidates to those that are not synonyms, with a possible second step of eliminating names that are not accepted. When the number of matches is larger than one after these steps, a third algorithm picks the candidate with the smallest \code{taxonID}. When a \code{spec.name} is given to \code{WFO.one}, the original submitted name is inserted for the code{scientificName}.
| ^
Flavors: r-devel-linux-x86_64-debian-clang, r-devel-linux-x86_64-debian-gcc
Version: 1.13-2
Check: data for non-ASCII characters
Result: NOTE
Note: found 2 marked UTF-8 strings
Flavors: r-devel-linux-x86_64-fedora-clang, r-devel-linux-x86_64-fedora-gcc