CRAN Package Check Results for Package WeibullR

Last updated on 2021-12-03 02:49:14 CET.

Flavor Version Tinstall Tcheck Ttotal Status Flags
r-devel-linux-x86_64-debian-clang 1.1 106.98 58.18 165.16 OK
r-devel-linux-x86_64-debian-gcc 1.1 85.64 40.21 125.85 ERROR
r-devel-linux-x86_64-fedora-clang 1.1 281.32 ERROR
r-devel-linux-x86_64-fedora-gcc 1.1 239.42 ERROR
r-devel-windows-x86_64-new-UL 1.1 156.00 116.00 272.00 OK
r-devel-windows-x86_64-new-TK 1.1 OK
r-devel-windows-x86_64-old 1.1 155.00 63.00 218.00 OK
r-patched-linux-x86_64 1.1 105.29 55.18 160.47 OK
r-patched-solaris-x86 1.1 218.70 OK
r-release-linux-x86_64 1.1 108.55 55.59 164.14 OK
r-release-macos-arm64 1.1 NOTE
r-release-macos-x86_64 1.1 OK
r-release-windows-ix86+x86_64 1.1 298.00 109.00 407.00 OK
r-oldrel-macos-x86_64 1.1 OK
r-oldrel-windows-ix86+x86_64 1.1 293.00 103.00 396.00 OK

Check Details

Version: 1.1
Check: examples
Result: ERROR
    Running examples in ‘WeibullR-Ex.R’ failed
    The error most likely occurred in:
    
    > base::assign(".ptime", proc.time(), pos = "CheckExEnv")
    > ### Name: BBB
    > ### Title: Beta Binomial Bounds
    > ### Aliases: BBB
    > ### Keywords: regression reliability
    >
    > ### ** Examples
    >
    > set.seed(4321)
    > obj<-wblr.fit(wblr(rweibull(10,1,1)))
    Error in xtfrm.data.frame(x) : cannot xtfrm data frames
    Calls: wblr.fit ... lapply -> FUN -> as.vector -> xtfrm -> xtfrm.data.frame
    Execution halted
Flavor: r-devel-linux-x86_64-debian-gcc

Version: 1.1
Check: examples
Result: ERROR
    Running examples in ‘WeibullR-Ex.R’ failed
    The error most likely occurred in:
    
    > ### Name: BBB
    > ### Title: Beta Binomial Bounds
    > ### Aliases: BBB
    > ### Keywords: regression reliability
    >
    > ### ** Examples
    >
    > set.seed(4321)
    > obj<-wblr.fit(wblr(rweibull(10,1,1)))
    Warning in xtfrm.data.frame(x) : cannot xtfrm data frames
    Error in `[.data.frame`(x, order(x, na.last = na.last, decreasing = decreasing)) :
     undefined columns selected
    Calls: wblr.fit ... getPPP -> sort -> sort.default -> [ -> [.data.frame
    Execution halted
Flavors: r-devel-linux-x86_64-fedora-clang, r-devel-linux-x86_64-fedora-gcc

Version: 1.1
Check: installed package size
Result: NOTE
     installed size is 5.9Mb
     sub-directories of 1Mb or more:
     libs 5.3Mb
Flavor: r-release-macos-arm64