CRAN Package Check Results for Package WSGeometry

Last updated on 2021-12-05 22:49:09 CET.

Flavor Version Tinstall Tcheck Ttotal Status Flags
r-devel-linux-x86_64-debian-clang 1.1 62.81 105.30 168.11 OK
r-devel-linux-x86_64-debian-gcc 1.1 43.89 79.84 123.73 OK
r-devel-linux-x86_64-fedora-clang 1.1 223.59 OK
r-devel-linux-x86_64-fedora-gcc 1.1 199.09 OK
r-devel-windows-x86_64-new-UL 1.1 79.00 173.00 252.00 OK
r-devel-windows-x86_64-new-TK 1.1 OK
r-devel-windows-x86_64-old 1.1 76.00 97.00 173.00 OK
r-patched-linux-x86_64 1.1 54.27 91.47 145.74 OK
r-release-linux-x86_64 1.1 53.35 99.95 153.30 OK
r-release-macos-arm64 1.1 NOTE
r-release-macos-x86_64 1.1 OK
r-release-windows-ix86+x86_64 1.1 141.00 184.00 325.00 OK
r-oldrel-macos-x86_64 1.1 NOTE
r-oldrel-windows-ix86+x86_64 1.1 144.00 185.00 329.00 OK

Check Details

Version: 1.1
Check: package dependencies
Result: NOTE
    Package suggested but not available for checking: ‘Rsymphony’
Flavors: r-release-macos-arm64, r-oldrel-macos-x86_64