Last updated on 2023-03-30 17:52:56 CEST.
Flavor | Version | Tinstall | Tcheck | Ttotal | Status | Flags |
---|---|---|---|---|---|---|
r-devel-linux-x86_64-debian-clang | 2.7.8 | 2.86 | 24.85 | 27.71 | OK | |
r-devel-linux-x86_64-debian-gcc | 2.7.8 | 2.24 | 19.50 | 21.74 | OK | |
r-devel-linux-x86_64-fedora-clang | 2.7.8 | 35.25 | NOTE | |||
r-devel-linux-x86_64-fedora-gcc | 2.7.8 | 34.06 | NOTE | |||
r-devel-windows-x86_64 | 2.7.8 | 12.00 | 0.00 | 12.00 | OK | |
r-patched-linux-x86_64 | 2.7.8 | 2.75 | 23.88 | 26.63 | OK | |
r-release-linux-x86_64 | 2.7.8 | 2.88 | 25.57 | 28.45 | OK | |
r-release-macos-arm64 | 2.7.8 | 24.00 | NOTE | |||
r-release-macos-x86_64 | 2.7.8 | 23.00 | NOTE | |||
r-release-windows-x86_64 | 2.7.8 | 17.00 | 64.00 | 81.00 | OK | |
r-oldrel-macos-arm64 | 2.7.8 | 26.00 | NOTE | |||
r-oldrel-macos-x86_64 | 2.7.8 | 26.00 | NOTE | |||
r-oldrel-windows-ix86+x86_64 | 2.7.8 | 6.00 | 49.00 | 55.00 | OK |
Version: 2.7.8
Check: data for non-ASCII characters
Result: NOTE
Note: found 1668 marked UTF-8 strings
Flavors: r-devel-linux-x86_64-fedora-clang, r-devel-linux-x86_64-fedora-gcc, r-release-macos-arm64, r-release-macos-x86_64, r-oldrel-macos-arm64, r-oldrel-macos-x86_64