CRAN Package Check Results for Package VineCopula

Last updated on 2022-06-28 22:49:43 CEST.

Flavor Version Tinstall Tcheck Ttotal Status Flags
r-devel-linux-x86_64-debian-clang 2.4.4 33.37 145.34 178.71 OK
r-devel-linux-x86_64-debian-gcc 2.4.4 28.42 106.77 135.19 OK
r-devel-linux-x86_64-fedora-clang 2.4.4 228.29 NOTE
r-devel-linux-x86_64-fedora-gcc 2.4.4 229.76 OK
r-devel-windows-x86_64 2.4.4 219.00 186.00 405.00 OK
r-patched-linux-x86_64 2.4.4 31.20 141.07 172.27 OK
r-release-linux-x86_64 2.4.4 32.08 142.72 174.80 OK
r-release-macos-arm64 2.4.4 76.00 OK
r-release-macos-x86_64 2.4.4 101.00 OK
r-release-windows-x86_64 2.4.4 200.00 183.00 383.00 OK
r-oldrel-macos-arm64 2.4.4 69.00 OK
r-oldrel-macos-x86_64 2.4.4 97.00 OK
r-oldrel-windows-ix86+x86_64 2.4.4 79.00 261.00 340.00 OK

Check Details

Version: 2.4.4
Check: Rd cross-references
Result: NOTE
    Undeclared packages ‘foreach’, ‘copula’ in Rd xrefs
Flavor: r-devel-linux-x86_64-fedora-clang