Last updated on 2023-11-30 07:52:54 CET.
Flavor | Version | Tinstall | Tcheck | Ttotal | Status | Flags |
---|---|---|---|---|---|---|
r-devel-linux-x86_64-debian-clang | 2.5.0 | 34.69 | 158.14 | 192.83 | NOTE | |
r-devel-linux-x86_64-debian-gcc | 2.5.0 | 27.78 | 113.31 | 141.09 | NOTE | |
r-devel-linux-x86_64-fedora-clang | 2.5.0 | 232.23 | NOTE | |||
r-devel-linux-x86_64-fedora-gcc | 2.5.0 | 231.93 | OK | |||
r-devel-windows-x86_64 | 2.5.0 | 33.00 | 155.00 | 188.00 | OK | |
r-patched-linux-x86_64 | 2.5.0 | 35.94 | 148.25 | 184.19 | OK | |
r-release-linux-x86_64 | 2.5.0 | 33.18 | 149.97 | 183.15 | OK | |
r-release-macos-arm64 | 2.5.0 | 67.00 | OK | |||
r-release-macos-x86_64 | 2.5.0 | 175.00 | OK | |||
r-release-windows-x86_64 | 2.5.0 | 39.00 | 176.00 | 215.00 | OK | |
r-oldrel-macos-arm64 | 2.5.0 | 73.00 | OK | |||
r-oldrel-macos-x86_64 | 2.5.0 | 84.00 | OK | |||
r-oldrel-windows-x86_64 | 2.5.0 | 44.00 | 159.00 | 203.00 | OK |
Version: 2.5.0
Check: Rd files
Result: NOTE
checkRd: (-1) RVineMatrix.Rd:90: Lost braces in \itemize; \value handles \item{}{} directly
checkRd: (-1) RVineMatrix.Rd:91: Lost braces in \itemize; \value handles \item{}{} directly
checkRd: (-1) RVineMatrix.Rd:92: Lost braces in \itemize; \value handles \item{}{} directly
Flavors: r-devel-linux-x86_64-debian-clang, r-devel-linux-x86_64-debian-gcc
Version: 2.5.0
Check: Rd cross-references
Result: NOTE
Undeclared packages ‘foreach’, ‘copula’ in Rd xrefs
Flavor: r-devel-linux-x86_64-fedora-clang