CRAN Package Check Results for Package VineCopula

Last updated on 2022-11-28 07:50:07 CET.

Flavor Version Tinstall Tcheck Ttotal Status Flags
r-devel-linux-x86_64-debian-clang 2.4.4 32.80 155.85 188.65 OK
r-devel-linux-x86_64-debian-gcc 2.4.4 25.15 115.72 140.87 OK
r-devel-linux-x86_64-fedora-clang 2.4.4 244.78 NOTE
r-devel-linux-x86_64-fedora-gcc 2.4.4 242.47 OK
r-devel-windows-x86_64 2.4.4 143.00 215.00 358.00 OK
r-patched-linux-x86_64 2.4.4 36.32 144.72 181.04 OK
r-release-linux-x86_64 2.4.4 33.43 144.82 178.25 OK
r-release-macos-arm64 2.4.4 76.00 OK
r-release-macos-x86_64 2.4.4 101.00 OK
r-release-windows-x86_64 2.4.4 168.00 194.00 362.00 OK
r-oldrel-macos-arm64 2.4.4 69.00 OK
r-oldrel-macos-x86_64 2.4.4 97.00 OK
r-oldrel-windows-ix86+x86_64 2.4.4 76.00 262.00 338.00 OK

Check Details

Version: 2.4.4
Check: Rd cross-references
Result: NOTE
    Undeclared packages ‘foreach’, ‘copula’ in Rd xrefs
Flavor: r-devel-linux-x86_64-fedora-clang