CRAN Package Check Results for Package VarSelLCM

Last updated on 2021-11-29 19:51:49 CET.

Flavor Version Tinstall Tcheck Ttotal Status Flags
r-devel-linux-x86_64-debian-clang 2.1.3.1 307.20 157.41 464.61 OK
r-devel-linux-x86_64-debian-gcc 2.1.3.1 222.17 104.40 326.57 OK
r-devel-linux-x86_64-fedora-clang 2.1.3.1 705.56 NOTE
r-devel-linux-x86_64-fedora-gcc 2.1.3.1 603.72 OK
r-devel-windows-x86_64-new-UL 2.1.3.1 394.00 254.00 648.00 OK
r-devel-windows-x86_64-new-TK 2.1.3.1 OK
r-devel-windows-x86_64-old 2.1.3.1 410.00 155.00 565.00 OK
r-patched-linux-x86_64 2.1.3.1 267.78 133.04 400.82 OK
r-patched-solaris-x86 2.1.3.1 526.10 OK
r-release-linux-x86_64 2.1.3.1 267.42 133.19 400.61 OK
r-release-macos-arm64 2.1.3.1 NOTE
r-release-macos-x86_64 2.1.3.1 NOTE
r-release-windows-ix86+x86_64 2.1.3.1 790.00 264.00 1054.00 OK
r-oldrel-macos-x86_64 2.1.3.1 NOTE
r-oldrel-windows-ix86+x86_64 2.1.3.1 584.00 213.00 797.00 OK

Check Details

Version: 2.1.3.1
Check: installed package size
Result: NOTE
     installed size is 9.4Mb
     sub-directories of 1Mb or more:
     libs 8.6Mb
Flavors: r-devel-linux-x86_64-fedora-clang, r-release-macos-arm64, r-release-macos-x86_64, r-oldrel-macos-x86_64