CRAN Package Check Results for Package VRPM

Last updated on 2019-09-20 15:47:17 CEST.

Flavor Version Tinstall Tcheck Ttotal Status Flags
r-devel-linux-x86_64-debian-clang 1.2 21.26 139.55 160.81 NOTE
r-devel-linux-x86_64-debian-gcc 1.2 15.68 107.35 123.03 NOTE
r-devel-linux-x86_64-fedora-clang 1.2 187.96 NOTE
r-devel-linux-x86_64-fedora-gcc 1.2 184.50 NOTE
r-devel-windows-ix86+x86_64 1.2 59.00 208.00 267.00 OK
r-patched-linux-x86_64 1.2 17.74 134.79 152.53 OK
r-patched-solaris-x86 1.2 275.80 OK
r-release-linux-x86_64 1.2 16.86 133.75 150.61 OK
r-release-windows-ix86+x86_64 1.2 32.00 131.00 163.00 OK
r-release-osx-x86_64 1.2 OK
r-oldrel-windows-ix86+x86_64 1.2 21.00 132.00 153.00 OK
r-oldrel-osx-x86_64 1.2 OK

Check Details

Version: 1.2
Check: for non-standard things in the check directory
Result: NOTE
    Found the following files/directories:
     'ccchart1.png' 'ccchart2.png' 'cchart1.png' 'cchart6.png'
     'colplot.png' 'div_divorced.png' 'div_married.png' 'div_widowed.png'
     'divp_divorced.png' 'divp_divorced_wing.png' 'divp_married.png'
     'divp_married_wing.png' 'divp_single.png' 'divp_widowed.png'
     'divp_widowed_wing.png' 'iris2_contributions2.png' 'iris2_lps.png'
     'iris2_outcomes.png' 'iris_contributions2.png' 'iris_lps.png'
     'iris_outcomes.png' 'multinom_ccchart_divorced_ccchart.png'
     'multinom_ccchart_married_ccchart.png'
     'multinom_ccchart_widowed_ccchart.png'
     'multinom_ccchartp_divorced_ccchart.png'
     'multinom_ccchartp_married_ccchart.png'
     'multinom_ccchartp_single_ccchart.png'
     'multinom_ccchartp_widowed_ccchart.png' 'multinom_divorced.png'
     'multinom_divorced_cchart.png' 'multinom_married.png'
     'multinom_married_cchart.png' 'multinom_patientsummary.png'
     'multinom_patientsummary2.png' 'multinom_widowed.png'
     'multinom_widowed_cchart.png' 'multinomp_divorced.png'
     'multinomp_divorced_cchart.png' 'multinomp_divorced_wing.png'
     'multinomp_married.png' 'multinomp_married_cchart.png'
     'multinomp_married_wing.png' 'multinomp_single.png'
     'multinomp_single_cchart.png' 'multinomp_widowed.png'
     'multinomp_widowed_cchart.png' 'multinomp_widowed_wing.png'
     'mysummary.Rnw' 'mysummary.html' 'mysummary1.Rnw' 'mysummary1.html'
Flavors: r-devel-linux-x86_64-debian-clang, r-devel-linux-x86_64-debian-gcc, r-devel-linux-x86_64-fedora-clang, r-devel-linux-x86_64-fedora-gcc