CRAN Package Check Results for Package VGAMextra

Last updated on 2022-08-11 03:52:22 CEST.

Flavor Version Tinstall Tcheck Ttotal Status Flags
r-devel-linux-x86_64-debian-clang 0.0-5 15.66 136.20 151.86 NOTE
r-devel-linux-x86_64-debian-gcc 0.0-5 11.81 98.85 110.66 NOTE
r-devel-linux-x86_64-fedora-clang 0.0-5 178.77 NOTE
r-devel-linux-x86_64-fedora-gcc 0.0-5 177.11 NOTE
r-devel-windows-x86_64 0.0-5 74.00 147.00 221.00 NOTE
r-patched-linux-x86_64 0.0-5 17.90 116.68 134.58 OK
r-release-linux-x86_64 0.0-5 OK
r-release-macos-arm64 0.0-5 41.00 OK
r-release-macos-x86_64 0.0-5 58.00 OK
r-release-windows-x86_64 0.0-5 66.00 143.00 209.00 OK
r-oldrel-macos-arm64 0.0-5 46.00 OK
r-oldrel-macos-x86_64 0.0-5 92.00 OK
r-oldrel-windows-ix86+x86_64 0.0-5 27.00 140.00 167.00 OK

Check Details

Version: 0.0-5
Check: Rd files
Result: NOTE
    checkRd: (-1) checkTS.VGAMextra.Rd:176: Escaped LaTeX specials: \&
Flavors: r-devel-linux-x86_64-debian-clang, r-devel-linux-x86_64-debian-gcc, r-devel-linux-x86_64-fedora-clang, r-devel-linux-x86_64-fedora-gcc, r-devel-windows-x86_64