CRAN Package Check Results for Package VGAM

Last updated on 2022-06-30 09:52:56 CEST.

Flavor Version Tinstall Tcheck Ttotal Status Flags
r-devel-linux-x86_64-debian-clang 1.1-6 110.05 663.76 773.81 NOTE
r-devel-linux-x86_64-debian-gcc 1.1-6 87.95 482.43 570.38 NOTE
r-devel-linux-x86_64-fedora-clang 1.1-6 902.03 NOTE
r-devel-linux-x86_64-fedora-gcc 1.1-6 908.25 NOTE
r-devel-windows-x86_64 1.1-6 486.00 700.00 1186.00 NOTE
r-patched-linux-x86_64 1.1-6 127.83 616.17 744.00 OK
r-release-linux-x86_64 1.1-6 101.10 611.71 712.81 OK
r-release-macos-arm64 1.1-6 189.00 NOTE
r-release-macos-x86_64 1.1-6 286.00 NOTE
r-release-windows-x86_64 1.1-6 434.00 686.00 1120.00 NOTE
r-oldrel-macos-arm64 1.1-6 180.00 NOTE
r-oldrel-macos-x86_64 1.1-6 258.00 NOTE
r-oldrel-windows-ix86+x86_64 1.1-6 198.00 969.00 1167.00 NOTE

Check Details

Version: 1.1-6
Check: Rd files
Result: NOTE
    checkRd: (-1) bisa.Rd:99: Escaped LaTeX specials: \&
    checkRd: (-1) negbinomial.Rd:559: Escaped LaTeX specials: \&
Flavors: r-devel-linux-x86_64-debian-clang, r-devel-linux-x86_64-debian-gcc, r-devel-linux-x86_64-fedora-clang, r-devel-linux-x86_64-fedora-gcc, r-devel-windows-x86_64

Version: 1.1-6
Check: installed package size
Result: NOTE
     installed size is 8.2Mb
     sub-directories of 1Mb or more:
     R 4.1Mb
     help 2.9Mb
Flavors: r-devel-linux-x86_64-fedora-clang, r-devel-windows-x86_64, r-release-macos-arm64, r-release-macos-x86_64, r-release-windows-x86_64, r-oldrel-macos-arm64, r-oldrel-macos-x86_64, r-oldrel-windows-ix86+x86_64

Version: 1.1-6
Check: Rd cross-references
Result: NOTE
    Undeclared package ‘car’ in Rd xrefs
Flavor: r-devel-linux-x86_64-fedora-clang