CRAN Package Check Results for Package VARtests

Last updated on 2021-12-03 03:55:50 CET.

Flavor Version Tinstall Tcheck Ttotal Status Flags
r-devel-linux-x86_64-debian-clang 2.0.5 96.79 44.37 141.16 OK
r-devel-linux-x86_64-debian-gcc 2.0.5 77.47 34.33 111.80 OK
r-devel-linux-x86_64-fedora-clang 2.0.5 235.91 NOTE
r-devel-linux-x86_64-fedora-gcc 2.0.5 198.79 OK
r-devel-windows-x86_64-new-UL 2.0.5 130.00 105.00 235.00 OK
r-devel-windows-x86_64-new-TK 2.0.5 OK
r-devel-windows-x86_64-old 2.0.5 122.00 56.00 178.00 OK
r-patched-linux-x86_64 2.0.5 86.74 43.33 130.07 OK
r-patched-solaris-x86 2.0.5 194.60 OK
r-release-linux-x86_64 2.0.5 91.82 43.14 134.96 OK
r-release-macos-arm64 2.0.5 NOTE
r-release-macos-x86_64 2.0.5 NOTE
r-release-windows-ix86+x86_64 2.0.5 260.00 96.00 356.00 OK
r-oldrel-macos-x86_64 2.0.5 NOTE
r-oldrel-windows-ix86+x86_64 2.0.5 258.00 85.00 343.00 OK

Check Details

Version: 2.0.5
Check: installed package size
Result: NOTE
     installed size is 5.6Mb
     sub-directories of 1Mb or more:
     libs 5.4Mb
Flavors: r-devel-linux-x86_64-fedora-clang, r-release-macos-arm64, r-release-macos-x86_64, r-oldrel-macos-x86_64

Version: 2.0.5
Check: Rd cross-references
Result: NOTE
    Undeclared package ‘vars’ in Rd xrefs
Flavor: r-devel-linux-x86_64-fedora-clang