CRAN Package Check Results for Package VARDetect

Last updated on 2021-12-08 10:52:05 CET.

Flavor Version Tinstall Tcheck Ttotal Status Flags
r-devel-linux-x86_64-debian-clang 0.1.5 52.29 93.22 145.51 OK
r-devel-linux-x86_64-debian-gcc 0.1.5 38.25 68.39 106.64 OK
r-devel-linux-x86_64-fedora-clang 0.1.5 196.66 OK
r-devel-linux-x86_64-fedora-gcc 0.1.5 172.46 OK
r-devel-windows-x86_64-new-UL 0.1.5 70.00 149.00 219.00 OK
r-devel-windows-x86_64-new-TK 0.1.5 OK
r-devel-windows-x86_64-old 0.1.5 63.00 115.00 178.00 OK
r-patched-linux-x86_64 0.1.5 44.31 86.07 130.38 OK
r-release-linux-x86_64 0.1.5 44.20 86.43 130.63 OK
r-release-macos-arm64 0.1.5 NOTE
r-release-macos-x86_64 0.1.5 OK
r-release-windows-ix86+x86_64 0.1.5 78.00 157.00 235.00 OK
r-oldrel-macos-x86_64 0.1.5 OK
r-oldrel-windows-ix86+x86_64 0.1.5 114.00 152.00 266.00 OK

Check Details

Version: 0.1.5
Check: installed package size
Result: NOTE
     installed size is 5.7Mb
     sub-directories of 1Mb or more:
     libs 5.2Mb
Flavor: r-release-macos-arm64