CRAN Package Check Results for Package UpSetR

Last updated on 2025-01-18 09:49:34 CET.

Flavor Version Tinstall Tcheck Ttotal Status Flags
r-devel-linux-x86_64-debian-clang 1.4.0 8.21 58.96 67.17 OK
r-devel-linux-x86_64-debian-gcc 1.4.0 4.96 41.10 46.06 OK
r-devel-linux-x86_64-fedora-clang 1.4.0 109.92 OK
r-devel-linux-x86_64-fedora-gcc 1.4.0 278.54 OK
r-devel-windows-x86_64 1.4.0 10.00 71.00 81.00 OK
r-patched-linux-x86_64 1.4.0 7.43 54.60 62.03 NOTE
r-release-linux-x86_64 1.4.0 6.95 53.80 60.75 NOTE
r-release-macos-arm64 1.4.0 64.00 NOTE
r-release-macos-x86_64 1.4.0 95.00 NOTE
r-release-windows-x86_64 1.4.0 10.00 72.00 82.00 NOTE
r-oldrel-macos-arm64 1.4.0 66.00 NOTE
r-oldrel-macos-x86_64 1.4.0 101.00 NOTE
r-oldrel-windows-x86_64 1.4.0 10.00 76.00 86.00 NOTE

Check Details

Version: 1.4.0
Check: LazyData
Result: NOTE 'LazyData' is specified without a 'data' directory Flavors: r-patched-linux-x86_64, r-release-linux-x86_64, r-release-macos-arm64, r-release-macos-x86_64, r-release-windows-x86_64, r-oldrel-macos-arm64, r-oldrel-macos-x86_64, r-oldrel-windows-x86_64

Version: 1.4.0
Check: installed package size
Result: NOTE installed size is 8.1Mb sub-directories of 1Mb or more: doc 7.6Mb Flavors: r-release-macos-arm64, r-release-macos-x86_64, r-release-windows-x86_64, r-oldrel-macos-arm64, r-oldrel-macos-x86_64, r-oldrel-windows-x86_64