CRAN Package Check Results for Package UncertainInterval

Last updated on 2019-07-16 07:51:10 CEST.

Flavor Version Tinstall Tcheck Ttotal Status Flags
r-devel-linux-x86_64-debian-clang 0.4.7 4.00 41.25 45.25 NOTE
r-devel-linux-x86_64-debian-gcc 0.4.7 3.76 33.43 37.19 NOTE
r-devel-linux-x86_64-fedora-clang 0.4.7 55.05 OK
r-devel-linux-x86_64-fedora-gcc 0.4.7 53.06 OK
r-devel-windows-ix86+x86_64 0.4.7 14.00 84.00 98.00 OK
r-patched-linux-x86_64 0.4.7 4.25 41.51 45.76 OK
r-patched-solaris-x86 0.4.7 87.80 OK
r-release-linux-x86_64 0.4.7 4.44 41.75 46.19 OK
r-release-windows-ix86+x86_64 0.4.7 8.00 75.00 83.00 OK
r-release-osx-x86_64 0.4.7 OK
r-oldrel-windows-ix86+x86_64 0.4.7 9.00 55.00 64.00 OK
r-oldrel-osx-x86_64 0.4.7 OK

Check Details

Version: 0.4.7
Check: package vignettes
Result: NOTE
    Package vignette with placeholder title 'Vignette Title':
     'UI-vignette.Rmd'
Flavors: r-devel-linux-x86_64-debian-clang, r-devel-linux-x86_64-debian-gcc