CRAN Package Check Results for Package Umatrix

Last updated on 2020-06-01 06:48:41 CEST.

Flavor Version Tinstall Tcheck Ttotal Status Flags
r-devel-linux-x86_64-debian-clang 3.3 60.81 103.10 163.91 OK
r-devel-linux-x86_64-debian-gcc 3.3 44.24 75.15 119.39 OK
r-devel-linux-x86_64-fedora-clang 3.3 219.62 OK
r-devel-linux-x86_64-fedora-gcc 3.3 186.68 OK
r-devel-windows-ix86+x86_64 3.3 153.00 224.00 377.00 OK
r-patched-linux-x86_64 3.3 33.20 98.75 131.95 OK
r-patched-solaris-x86 3.3 226.90 OK
r-release-linux-x86_64 3.3 32.88 98.14 131.02 OK
r-release-osx-x86_64 3.3 OK
r-release-windows-ix86+x86_64 3.3 114.00 225.00 339.00 OK
r-oldrel-osx-x86_64 3.3 NOTE
r-oldrel-windows-ix86+x86_64 3.3 118.00 173.00 291.00 OK

Check Details

Version: 3.3
Check: dependencies in R code
Result: NOTE
    No protocol specified
Flavor: r-oldrel-osx-x86_64