Last updated on 2023-03-23 20:50:47 CET.
Flavor | Version | Tinstall | Tcheck | Ttotal | Status | Flags |
---|---|---|---|---|---|---|
r-devel-linux-x86_64-debian-clang | 0.1.1 | 14.94 | 32.81 | 47.75 | OK | |
r-devel-linux-x86_64-debian-gcc | 0.1.1 | 14.17 | 25.89 | 40.06 | OK | |
r-devel-linux-x86_64-fedora-clang | 0.1.1 | 66.82 | NOTE | |||
r-devel-linux-x86_64-fedora-gcc | 0.1.1 | 65.55 | NOTE | |||
r-devel-windows-x86_64 | 0.1.1 | 30.00 | 69.00 | 99.00 | OK | |
r-patched-linux-x86_64 | 0.1.1 | 15.99 | 35.25 | 51.24 | OK | |
r-release-linux-x86_64 | 0.1.1 | 15.59 | 35.57 | 51.16 | OK | |
r-release-macos-arm64 | 0.1.1 | 28.00 | NOTE | |||
r-release-macos-x86_64 | 0.1.1 | 37.00 | NOTE | |||
r-release-windows-x86_64 | 0.1.1 | 35.00 | 70.00 | 105.00 | OK | |
r-oldrel-macos-arm64 | 0.1.1 | 33.00 | NOTE | |||
r-oldrel-macos-x86_64 | 0.1.1 | 40.00 | NOTE | |||
r-oldrel-windows-ix86+x86_64 | 0.1.1 | 24.00 | 69.00 | 93.00 | OK |
Version: 0.1.1
Check: data for non-ASCII characters
Result: NOTE
Note: found 33 marked UTF-8 strings
Flavors: r-devel-linux-x86_64-fedora-clang, r-devel-linux-x86_64-fedora-gcc, r-release-macos-arm64, r-release-macos-x86_64, r-oldrel-macos-arm64, r-oldrel-macos-x86_64
Version: 0.1.1
Check: installed package size
Result: NOTE
installed size is 5.1Mb
sub-directories of 1Mb or more:
data 5.0Mb
Flavors: r-release-macos-arm64, r-oldrel-macos-arm64