CRAN Package Check Results for Package USgrid

Last updated on 2024-04-21 06:55:12 CEST.

Flavor Version Tinstall Tcheck Ttotal Status Flags
r-devel-linux-x86_64-debian-clang 0.1.2 3.30 31.23 34.53 OK
r-devel-linux-x86_64-debian-gcc 0.1.2 3.07 24.65 27.72 OK
r-devel-linux-x86_64-fedora-clang 0.1.2 45.17 NOTE
r-devel-linux-x86_64-fedora-gcc 0.1.2 45.59 NOTE
r-prerel-macos-arm64 0.1.2 21.00 OK
r-prerel-windows-x86_64 0.1.2 5.00 52.00 57.00 OK
r-patched-linux-x86_64 0.1.2 3.48 31.93 35.41 OK
r-release-linux-x86_64 0.1.2 4.08 31.04 35.12 OK
r-release-macos-arm64 0.1.2 21.00 OK
r-release-macos-x86_64 0.1.2 27.00 OK
r-release-windows-x86_64 0.1.2 7.00 62.00 69.00 OK
r-oldrel-macos-arm64 0.1.2 20.00 NOTE
r-oldrel-windows-x86_64 0.1.2 7.00 74.00 81.00 OK

Check Details

Version: 0.1.2
Check: dependencies in R code
Result: NOTE Namespace in Imports field not imported from: ‘tsibble’ All declared Imports should be used. Flavors: r-devel-linux-x86_64-fedora-clang, r-devel-linux-x86_64-fedora-gcc, r-oldrel-macos-arm64