Last updated on 2022-06-28 12:52:40 CEST.
Flavor | Version | Tinstall | Tcheck | Ttotal | Status | Flags |
---|---|---|---|---|---|---|
r-devel-linux-x86_64-debian-clang | 0.4.0 | 2.85 | 30.74 | 33.59 | NOTE | |
r-devel-linux-x86_64-debian-gcc | 0.4.0 | 2.00 | 23.96 | 25.96 | NOTE | |
r-devel-linux-x86_64-fedora-clang | 0.4.0 | 52.76 | NOTE | |||
r-devel-linux-x86_64-fedora-gcc | 0.4.0 | 51.97 | NOTE | |||
r-devel-windows-x86_64 | 0.4.0 | 87.00 | 62.00 | 149.00 | NOTE | |
r-patched-linux-x86_64 | 0.4.0 | 2.70 | 29.95 | 32.65 | NOTE | |
r-release-linux-x86_64 | 0.4.0 | 2.53 | 29.73 | 32.26 | NOTE | |
r-release-macos-arm64 | 0.4.0 | 22.00 | NOTE | |||
r-release-macos-x86_64 | 0.4.0 | 26.00 | NOTE | |||
r-release-windows-x86_64 | 0.4.0 | 76.00 | 177.00 | 253.00 | NOTE | |
r-oldrel-macos-arm64 | 0.4.0 | 25.00 | NOTE | |||
r-oldrel-macos-x86_64 | 0.4.0 | 25.00 | NOTE | |||
r-oldrel-windows-ix86+x86_64 | 0.4.0 | 6.00 | 51.00 | 57.00 | NOTE |
Version: 0.4.0
Check: package dependencies
Result: NOTE
Package suggested but not available for checking: 'USAboundariesData'
Flavors: r-devel-linux-x86_64-debian-clang, r-devel-linux-x86_64-debian-gcc, r-devel-linux-x86_64-fedora-clang, r-devel-linux-x86_64-fedora-gcc, r-devel-windows-x86_64, r-patched-linux-x86_64, r-release-linux-x86_64, r-release-macos-arm64, r-release-macos-x86_64, r-release-windows-x86_64, r-oldrel-macos-arm64, r-oldrel-macos-x86_64, r-oldrel-windows-ix86+x86_64