CRAN Package Check Results for Package UPG

Last updated on 2021-12-08 10:52:05 CET.

Flavor Version Tinstall Tcheck Ttotal Status Flags
r-devel-linux-x86_64-debian-clang 0.2.2 101.35 76.58 177.93 OK
r-devel-linux-x86_64-debian-gcc 0.2.2 72.80 58.48 131.28 OK
r-devel-linux-x86_64-fedora-clang 0.2.2 255.74 NOTE
r-devel-linux-x86_64-fedora-gcc 0.2.2 225.71 NOTE
r-devel-windows-x86_64-new-UL 0.2.2 118.00 152.00 270.00 OK
r-devel-windows-x86_64-new-TK 0.2.2 NOTE
r-devel-windows-x86_64-old 0.2.2 123.00 103.00 226.00 OK
r-patched-linux-x86_64 0.2.2 87.41 72.64 160.05 OK
r-release-linux-x86_64 0.2.2 83.12 72.02 155.14 OK
r-release-macos-arm64 0.2.2 NOTE
r-release-macos-x86_64 0.2.2 NOTE
r-release-windows-ix86+x86_64 0.2.2 169.00 135.00 304.00 OK
r-oldrel-macos-x86_64 0.2.2 NOTE
r-oldrel-windows-ix86+x86_64 0.2.2 233.00 137.00 370.00 OK

Check Details

Version: 0.2.2
Check: installed package size
Result: NOTE
     installed size is 6.0Mb
     sub-directories of 1Mb or more:
     libs 5.3Mb
Flavors: r-devel-linux-x86_64-fedora-clang, r-release-macos-arm64, r-release-macos-x86_64, r-oldrel-macos-x86_64

Version: 0.2.2
Check: dependencies in R code
Result: NOTE
    Namespace in Imports field not imported from: ‘RcppProgress’
     All declared Imports should be used.
Flavors: r-devel-linux-x86_64-fedora-clang, r-devel-linux-x86_64-fedora-gcc, r-devel-windows-x86_64-new-TK, r-release-macos-arm64, r-release-macos-x86_64, r-oldrel-macos-x86_64