CRAN Package Check Results for Package UPCM

Last updated on 2021-12-04 10:52:48 CET.

Flavor Version Tinstall Tcheck Ttotal Status Flags
r-devel-linux-x86_64-debian-clang 0.0-3 64.92 78.35 143.27 OK
r-devel-linux-x86_64-debian-gcc 0.0-3 40.12 62.68 102.80 OK
r-devel-linux-x86_64-fedora-clang 0.0-3 210.24 OK
r-devel-linux-x86_64-fedora-gcc 0.0-3 167.21 OK
r-devel-windows-x86_64-new-UL 0.0-3 63.00 132.00 195.00 OK
r-devel-windows-x86_64-new-TK 0.0-3 OK
r-devel-windows-x86_64-old 0.0-3 65.00 78.00 143.00 OK
r-patched-linux-x86_64 0.0-3 49.50 69.64 119.14 OK
r-release-linux-x86_64 0.0-3 44.63 68.21 112.84 OK
r-release-macos-arm64 0.0-3 NOTE
r-release-macos-x86_64 0.0-3 NOTE
r-release-windows-ix86+x86_64 0.0-3 124.00 132.00 256.00 OK
r-oldrel-macos-x86_64 0.0-3 NOTE
r-oldrel-windows-ix86+x86_64 0.0-3 123.00 134.00 257.00 OK

Check Details

Version: 0.0-3
Check: installed package size
Result: NOTE
     installed size is 6.4Mb
     sub-directories of 1Mb or more:
     libs 6.3Mb
Flavors: r-release-macos-arm64, r-release-macos-x86_64, r-oldrel-macos-x86_64