CRAN Package Check Results for Package UComp

Last updated on 2021-12-05 23:52:31 CET.

Flavor Version Tinstall Tcheck Ttotal Status Flags
r-devel-linux-x86_64-debian-clang 2.2.2 93.46 161.39 254.85 OK
r-devel-linux-x86_64-debian-gcc 2.2.2 79.21 122.88 202.09 OK
r-devel-linux-x86_64-fedora-clang 2.2.2 312.17 NOTE
r-devel-linux-x86_64-fedora-gcc 2.2.2 282.37 OK
r-devel-windows-x86_64-new-UL 2.2.2 101.00 218.00 319.00 OK
r-devel-windows-x86_64-new-TK 2.2.2 OK
r-devel-windows-x86_64-old 2.2.2 107.00 100.00 207.00 OK
r-patched-linux-x86_64 2.2.2 84.90 123.06 207.96 OK
r-release-linux-x86_64 2.2.2 78.20 130.56 208.76 OK
r-release-macos-arm64 2.2.2 NOTE
r-release-macos-x86_64 2.2.2 NOTE
r-release-windows-ix86+x86_64 2.2.2 207.00 173.00 380.00 OK
r-oldrel-macos-x86_64 2.2.2 NOTE
r-oldrel-windows-ix86+x86_64 2.2.2 204.00 173.00 377.00 OK

Check Details

Version: 2.2.2
Check: installed package size
Result: NOTE
     installed size is 12.1Mb
     sub-directories of 1Mb or more:
     libs 11.8Mb
Flavors: r-devel-linux-x86_64-fedora-clang, r-release-macos-arm64, r-release-macos-x86_64, r-oldrel-macos-x86_64