CRAN Package Check Results for Package UCSCXenaTools

Last updated on 2020-10-21 15:48:05 CEST.

Flavor Version Tinstall Tcheck Ttotal Status Flags
r-devel-linux-x86_64-debian-clang 1.3.4 6.41 60.00 66.41 OK
r-devel-linux-x86_64-debian-gcc 1.3.4 5.46 44.61 50.07 OK
r-devel-linux-x86_64-fedora-clang 1.3.4 87.48 NOTE
r-devel-linux-x86_64-fedora-gcc 1.3.4 76.48 NOTE
r-devel-windows-ix86+x86_64 1.3.4 15.00 84.00 99.00 OK
r-patched-linux-x86_64 1.3.4 5.45 54.98 60.43 OK
r-patched-solaris-x86 1.3.4 103.60 NOTE
r-release-linux-x86_64 1.3.4 6.32 54.70 61.02 OK
r-release-macos-x86_64 1.3.4 NOTE
r-release-windows-ix86+x86_64 1.3.4 13.00 81.00 94.00 OK
r-oldrel-macos-x86_64 1.3.4 NOTE
r-oldrel-windows-ix86+x86_64 1.3.4 12.00 80.00 92.00 OK

Check Details

Version: 1.3.4
Check: data for non-ASCII characters
Result: NOTE
     Note: found 2 marked UTF-8 strings
Flavors: r-devel-linux-x86_64-fedora-clang, r-devel-linux-x86_64-fedora-gcc, r-patched-solaris-x86, r-release-macos-x86_64, r-oldrel-macos-x86_64