CRAN Package Check Results for Package UCSCXenaTools

Last updated on 2020-08-12 21:50:01 CEST.

Flavor Version Tinstall Tcheck Ttotal Status Flags
r-devel-linux-x86_64-debian-clang 1.3.3 6.72 59.40 66.12 OK
r-devel-linux-x86_64-debian-gcc 1.3.3 5.85 45.32 51.17 OK
r-devel-linux-x86_64-fedora-clang 1.3.3 88.17 NOTE
r-devel-linux-x86_64-fedora-gcc 1.3.3 82.26 NOTE
r-devel-windows-ix86+x86_64 1.3.3 27.00 107.00 134.00 OK
r-patched-linux-x86_64 1.3.3 6.89 57.07 63.96 OK
r-patched-solaris-x86 1.3.3 109.70 NOTE
r-release-linux-x86_64 1.3.3 7.18 57.54 64.72 OK
r-release-macos-x86_64 1.3.3 NOTE
r-release-windows-ix86+x86_64 1.3.3 25.00 111.00 136.00 OK
r-oldrel-macos-x86_64 1.3.3 NOTE
r-oldrel-windows-ix86+x86_64 1.3.3 13.00 74.00 87.00 OK

Check Details

Version: 1.3.3
Check: data for non-ASCII characters
Result: NOTE
     Note: found 2 marked UTF-8 strings
Flavors: r-devel-linux-x86_64-fedora-clang, r-devel-linux-x86_64-fedora-gcc, r-patched-solaris-x86, r-release-macos-x86_64, r-oldrel-macos-x86_64