CRAN Package Check Results for Package Tushare

Last updated on 2024-06-13 07:50:49 CEST.

Flavor Version Tinstall Tcheck Ttotal Status Flags
r-devel-linux-x86_64-debian-clang 0.1.4 9.68 69.84 79.52 OK
r-devel-linux-x86_64-debian-gcc 0.1.4 0.32 1.62 1.94 ERROR
r-devel-linux-x86_64-fedora-clang 0.1.4 100.54 OK
r-devel-linux-x86_64-fedora-gcc 0.1.4 91.37 OK
r-devel-windows-x86_64 0.1.4 9.00 67.00 76.00 OK
r-patched-linux-x86_64 0.1.4 6.89 67.21 74.10 OK
r-release-linux-x86_64 0.1.4 5.79 65.74 71.53 OK
r-release-macos-arm64 0.1.4 33.00 OK
r-release-macos-x86_64 0.1.4 50.00 OK
r-release-windows-x86_64 0.1.4 10.00 68.00 78.00 OK
r-oldrel-macos-arm64 0.1.4 32.00 OK
r-oldrel-macos-x86_64 0.1.4 45.00 OK
r-oldrel-windows-x86_64 0.1.4 12.00 83.00 95.00 OK

Check Details

Version: 0.1.4
Check: package dependencies
Result: ERROR Packages required but not available: 'tidyverse', 'forecast' See section ‘The DESCRIPTION file’ in the ‘Writing R Extensions’ manual. Flavor: r-devel-linux-x86_64-debian-gcc