Last updated on 2022-06-29 01:50:35 CEST.
Flavor | Version | Tinstall | Tcheck | Ttotal | Status | Flags |
---|---|---|---|---|---|---|
r-devel-linux-x86_64-debian-clang | 2.5.1 | 5.94 | 52.08 | 58.02 | NOTE | |
r-devel-linux-x86_64-debian-gcc | 2.5.1 | 4.27 | 39.20 | 43.47 | NOTE | |
r-devel-linux-x86_64-fedora-clang | 2.5.1 | 81.38 | NOTE | |||
r-devel-linux-x86_64-fedora-gcc | 2.5.1 | 79.90 | NOTE | |||
r-devel-windows-x86_64 | 2.5.1 | 57.00 | 72.00 | 129.00 | OK | |
r-patched-linux-x86_64 | 2.5.1 | 6.34 | 48.57 | 54.91 | NOTE | |
r-release-linux-x86_64 | 2.5.1 | 5.30 | 48.25 | 53.55 | NOTE | |
r-release-macos-arm64 | 2.5.1 | 21.00 | OK | |||
r-release-macos-x86_64 | 2.5.1 | 30.00 | OK | |||
r-release-windows-x86_64 | 2.5.1 | 40.00 | 69.00 | 109.00 | OK | |
r-oldrel-macos-arm64 | 2.5.1 | 25.00 | OK | |||
r-oldrel-macos-x86_64 | 2.5.1 | 29.00 | OK | |||
r-oldrel-windows-ix86+x86_64 | 2.5.1 | 12.00 | 83.00 | 95.00 | OK |
Version: 2.5.1
Check: package dependencies
Result: NOTE
Package suggested but not available for checking: 'desire'
Flavors: r-devel-linux-x86_64-debian-clang, r-devel-linux-x86_64-debian-gcc, r-devel-linux-x86_64-fedora-clang, r-devel-linux-x86_64-fedora-gcc, r-patched-linux-x86_64, r-release-linux-x86_64
Version: 2.5.1
Check: Rd cross-references
Result: NOTE
Unknown package 'desire' in Rd xrefs
Flavors: r-devel-linux-x86_64-debian-clang, r-devel-linux-x86_64-debian-gcc, r-devel-linux-x86_64-fedora-clang, r-devel-linux-x86_64-fedora-gcc, r-patched-linux-x86_64, r-release-linux-x86_64