Last updated on 2022-06-26 03:50:15 CEST.
Flavor | Version | Tinstall | Tcheck | Ttotal | Status | Flags |
---|---|---|---|---|---|---|
r-devel-linux-x86_64-debian-clang | 1.1.2 | 48.21 | 395.83 | 444.04 | OK | |
r-devel-linux-x86_64-debian-gcc | 1.1.2 | 36.50 | 281.25 | 317.75 | OK | |
r-devel-linux-x86_64-fedora-clang | 1.1.2 | 562.10 | OK | |||
r-devel-linux-x86_64-fedora-gcc | 1.1.2 | 529.27 | OK | |||
r-devel-windows-x86_64 | 1.1.2 | 174.00 | 422.00 | 596.00 | OK | |
r-patched-linux-x86_64 | 1.1.2 | 48.45 | 369.90 | 418.35 | OK | |
r-release-linux-x86_64 | 1.1.2 | 33.20 | 365.19 | 398.39 | OK | |
r-release-macos-arm64 | 1.1.2 | 141.00 | NOTE | |||
r-release-macos-x86_64 | 1.1.2 | 193.00 | NOTE | |||
r-release-windows-x86_64 | 1.1.2 | 205.00 | 415.00 | 620.00 | OK | |
r-oldrel-macos-arm64 | 1.1.2 | 144.00 | NOTE | |||
r-oldrel-macos-x86_64 | 1.1.2 | 198.00 | NOTE | |||
r-oldrel-windows-ix86+x86_64 | 1.1.2 | 122.00 | 604.00 | 726.00 | NOTE |
Version: 1.1.2
Check: installed package size
Result: NOTE
installed size is 5.2Mb
sub-directories of 1Mb or more:
datasets 1.6Mb
libs 1.4Mb
Flavors: r-release-macos-arm64, r-release-macos-x86_64, r-oldrel-macos-arm64, r-oldrel-macos-x86_64, r-oldrel-windows-ix86+x86_64