CRAN Package Check Results for Package TreeDist

Last updated on 2020-10-26 08:49:40 CET.

Flavor Version Tinstall Tcheck Ttotal Status Flags
r-devel-linux-x86_64-debian-clang 1.2.1 66.44 146.82 213.26 NOTE
r-devel-linux-x86_64-debian-gcc 1.2.1 48.08 111.10 159.18 NOTE
r-devel-linux-x86_64-fedora-clang 1.2.1 279.32 NOTE
r-devel-linux-x86_64-fedora-gcc 1.2.1 255.58 NOTE
r-devel-windows-ix86+x86_64 1.2.1 147.00 239.00 386.00 NOTE
r-patched-linux-x86_64 1.2.1 59.72 139.92 199.64 NOTE
r-patched-solaris-x86 1.2.1 340.00 NOTE
r-release-linux-x86_64 1.2.1 60.19 140.52 200.71 NOTE
r-release-macos-x86_64 1.2.1 NOTE
r-release-windows-ix86+x86_64 1.2.1 112.00 185.00 297.00 NOTE
r-oldrel-macos-x86_64 1.2.1 NOTE
r-oldrel-windows-ix86+x86_64 1.2.1 141.00 240.00 381.00 NOTE

Check Details

Version: 1.2.1
Check: package dependencies
Result: NOTE
    Package suggested but not available for checking: 'TreeDistData'
Flavors: r-devel-linux-x86_64-debian-clang, r-devel-linux-x86_64-debian-gcc, r-devel-linux-x86_64-fedora-clang, r-devel-linux-x86_64-fedora-gcc, r-devel-windows-ix86+x86_64, r-patched-linux-x86_64, r-patched-solaris-x86, r-release-linux-x86_64, r-release-macos-x86_64, r-release-windows-ix86+x86_64, r-oldrel-macos-x86_64, r-oldrel-windows-ix86+x86_64