Last updated on 2023-12-11 21:00:42 CET.
Flavor | Version | Tinstall | Tcheck | Ttotal | Status | Flags |
---|---|---|---|---|---|---|
r-devel-linux-x86_64-debian-clang | 2.6.0 | 10.74 | 122.35 | 133.09 | NOTE | |
r-devel-linux-x86_64-debian-gcc | 2.6.0 | 9.02 | 91.52 | 100.54 | NOTE | |
r-devel-linux-x86_64-fedora-clang | 2.6.1 | NOTE | ||||
r-devel-linux-x86_64-fedora-gcc | 2.6.1 | 206.51 | NOTE | |||
r-devel-windows-x86_64 | 2.6.0 | 12.00 | 103.00 | 115.00 | NOTE | |
r-patched-linux-x86_64 | 2.6.0 | 12.06 | 117.23 | 129.29 | NOTE | |
r-release-linux-x86_64 | 2.6.0 | 6.99 | 115.05 | 122.04 | NOTE | |
r-release-macos-arm64 | 2.6.0 | 54.00 | NOTE | |||
r-release-macos-x86_64 | 2.6.1 | 122.00 | NOTE | |||
r-release-windows-x86_64 | 2.6.0 | 14.00 | 124.00 | 138.00 | NOTE | |
r-oldrel-macos-arm64 | 2.6.0 | 53.00 | NOTE | |||
r-oldrel-macos-x86_64 | 2.5.2 | 66.00 | NOTE | |||
r-oldrel-windows-x86_64 | 2.6.0 | 15.00 | 124.00 | 139.00 | NOTE |
Version: 2.6.0
Check: package dependencies
Result: NOTE
Packages suggested but not available for checking:
'Eunomia', 'CohortGenerator', 'CirceR'
Flavors: r-devel-linux-x86_64-debian-clang, r-devel-linux-x86_64-debian-gcc, r-devel-windows-x86_64, r-patched-linux-x86_64, r-release-linux-x86_64, r-release-macos-arm64, r-release-windows-x86_64, r-oldrel-macos-arm64, r-oldrel-windows-x86_64
Version: 2.6.1
Check: package dependencies
Result: NOTE
Packages suggested but not available for checking:
'Eunomia', 'CohortGenerator', 'CirceR', 'Capr'
Flavors: r-devel-linux-x86_64-fedora-clang, r-devel-linux-x86_64-fedora-gcc, r-release-macos-x86_64
Version: 2.5.2
Check: package dependencies
Result: NOTE
Packages suggested but not available for checking:
'Eunomia', 'CohortGenerator', 'CirceR'
Flavor: r-oldrel-macos-x86_64