CRAN Package Check Results for Package TraceAssist

Last updated on 2024-06-18 17:49:22 CEST.

Flavor Version Tinstall Tcheck Ttotal Status Flags
r-devel-linux-x86_64-debian-clang 0.1.0 9.44 83.85 93.29 OK
r-devel-linux-x86_64-debian-gcc 0.1.0 7.88 61.92 69.80 OK
r-devel-linux-x86_64-fedora-clang 0.1.0 115.07 NOTE
r-devel-linux-x86_64-fedora-gcc 0.1.0 108.12 NOTE
r-devel-windows-x86_64 0.1.0 10.00 75.00 85.00 OK
r-patched-linux-x86_64 0.1.0 6.72 82.63 89.35 OK
r-release-linux-x86_64 0.1.0 9.25 80.63 89.88 OK
r-release-macos-arm64 0.1.0 38.00 OK
r-release-macos-x86_64 0.1.0 53.00 OK
r-release-windows-x86_64 0.1.0 9.00 89.00 98.00 OK
r-oldrel-macos-arm64 0.1.0 39.00 OK
r-oldrel-macos-x86_64 0.1.0 59.00 OK
r-oldrel-windows-x86_64 0.1.0 11.00 95.00 106.00 OK

Check Details

Version: 0.1.0
Check: dependencies in R code
Result: NOTE Namespace in Imports field not imported from: ‘Matrix’ All declared Imports should be used. Flavors: r-devel-linux-x86_64-fedora-clang, r-devel-linux-x86_64-fedora-gcc