CRAN Package Check Results for Package TraMineR

Last updated on 2022-11-28 03:57:32 CET.

Flavor Version Tinstall Tcheck Ttotal Status Flags
r-devel-linux-x86_64-debian-clang 2.2-5 50.19 255.54 305.73 WARN
r-devel-linux-x86_64-debian-gcc 2.2-5 33.61 194.68 228.29 WARN
r-devel-linux-x86_64-fedora-clang 2.2-5 400.58 WARN
r-devel-linux-x86_64-fedora-gcc 2.2-5 375.07 WARN
r-devel-windows-x86_64 2.2-5 129.00 359.00 488.00 OK
r-patched-linux-x86_64 2.2-5 51.25 242.25 293.50 OK
r-release-linux-x86_64 2.2-5 43.14 241.62 284.76 OK
r-release-macos-arm64 2.2-5 138.00 OK
r-release-macos-x86_64 2.2-5 151.00 OK
r-release-windows-x86_64 2.2-5 123.00 391.00 514.00 OK
r-oldrel-macos-arm64 2.2-5 126.00 OK
r-oldrel-macos-x86_64 2.2-5 149.00 OK
r-oldrel-windows-ix86+x86_64 2.2-5 104.00 385.00 489.00 OK

Additional issues

M1mac

Check Details

Version: 2.2-5
Check: whether package can be installed
Result: WARN
    Found the following significant warnings:
     init.c:15:34: warning: a function declaration without a prototype is deprecated in all versions of C [-Wstrict-prototypes]
Flavors: r-devel-linux-x86_64-debian-clang, r-devel-linux-x86_64-fedora-clang

Version: 2.2-5
Check: whether package can be installed
Result: WARN
    Found the following significant warnings:
     init.c:15:1: warning: function declaration isn’t a prototype [-Wstrict-prototypes]
Flavors: r-devel-linux-x86_64-debian-gcc, r-devel-linux-x86_64-fedora-gcc