Last updated on 2023-12-06 16:53:29 CET.
Flavor | Version | Tinstall | Tcheck | Ttotal | Status | Flags |
---|---|---|---|---|---|---|
r-devel-linux-x86_64-debian-clang | 0.10.1 | 7.51 | 90.34 | 97.85 | NOTE | |
r-devel-linux-x86_64-debian-gcc | 0.10.1 | 5.93 | 67.20 | 73.13 | NOTE | |
r-devel-linux-x86_64-fedora-clang | 0.10.1 | 119.44 | OK | |||
r-devel-linux-x86_64-fedora-gcc | 0.10.1 | 119.58 | OK | |||
r-devel-windows-x86_64 | 0.10.1 | 8.00 | 88.00 | 96.00 | OK | |
r-patched-linux-x86_64 | 0.10.1 | 9.04 | 85.07 | 94.11 | OK | |
r-release-linux-x86_64 | 0.10.1 | 6.13 | 84.48 | 90.61 | OK | |
r-release-macos-arm64 | 0.10.1 | 41.00 | OK | |||
r-release-macos-x86_64 | 0.10.1 | 62.00 | OK | |||
r-release-windows-x86_64 | 0.10.1 | 10.00 | 100.00 | 110.00 | OK | |
r-oldrel-macos-arm64 | 0.10.1 | 37.00 | OK | |||
r-oldrel-macos-x86_64 | 0.10.1 | 80.00 | OK | |||
r-oldrel-windows-x86_64 | 0.10.1 | 10.00 | 112.00 | 122.00 | OK |
Version: 0.10.1
Check: Rd files
Result: NOTE
checkRd: (-1) TopDom.Rd:21: Lost braces; missing escapes or markup?
21 | Recommended range is in {5, ..., 20}.}
| ^
Flavors: r-devel-linux-x86_64-debian-clang, r-devel-linux-x86_64-debian-gcc