CRAN Package Check Results for Package TileManager

Last updated on 2020-04-04 04:50:16 CEST.

Flavor Version Tinstall Tcheck Ttotal Status Flags
r-devel-linux-x86_64-debian-clang 0.3.0 2.94 39.94 42.88 OK
r-devel-linux-x86_64-debian-gcc 0.3.0 2.47 30.83 33.30 OK
r-devel-linux-x86_64-fedora-clang 0.3.0 55.00 NOTE
r-devel-linux-x86_64-fedora-gcc 0.3.0 50.52 NOTE
r-devel-windows-ix86+x86_64 0.3.0 6.00 49.00 55.00 OK
r-devel-windows-ix86+x86_64-gcc8 0.3.0 6.00 49.00 55.00 OK
r-patched-linux-x86_64 0.3.0 2.35 38.58 40.93 OK
r-patched-solaris-x86 0.3.0 78.70 NOTE
r-release-linux-x86_64 0.3.0 2.09 35.60 37.69 OK
r-release-windows-ix86+x86_64 0.3.0 4.00 50.00 54.00 OK
r-release-osx-x86_64 0.3.0 NOTE
r-oldrel-windows-ix86+x86_64 0.3.0 5.00 52.00 57.00 OK
r-oldrel-osx-x86_64 0.3.0 NOTE

Check Details

Version: 0.3.0
Check: dependencies in R code
Result: NOTE
    Namespace in Imports field not imported from: ‘graphics’
     All declared Imports should be used.
Flavors: r-devel-linux-x86_64-fedora-clang, r-devel-linux-x86_64-fedora-gcc, r-patched-solaris-x86, r-release-osx-x86_64, r-oldrel-osx-x86_64