CRAN Package Check Results for Package ThreeWiseMonkeys

Last updated on 2024-06-13 09:55:23 CEST.

Flavor Version Tinstall Tcheck Ttotal Status Flags
r-devel-linux-x86_64-debian-clang 0.1.0 5.49 43.19 48.68 NOTE
r-devel-linux-x86_64-debian-gcc 0.1.0 0.41 1.70 2.11 ERROR
r-devel-linux-x86_64-fedora-clang 0.1.0 60.37 NOTE
r-devel-linux-x86_64-fedora-gcc 0.1.0 55.49 NOTE
r-devel-windows-x86_64 0.1.0 5.00 54.00 59.00 NOTE
r-patched-linux-x86_64 0.1.0 3.86 42.41 46.27 NOTE
r-release-linux-x86_64 0.1.0 4.36 41.89 46.25 NOTE
r-release-macos-arm64 0.1.0 21.00 NOTE
r-release-macos-x86_64 0.1.0 30.00 NOTE
r-release-windows-x86_64 0.1.0 4.00 54.00 58.00 NOTE
r-oldrel-macos-arm64 0.1.0 21.00 NOTE
r-oldrel-macos-x86_64 0.1.0 30.00 NOTE
r-oldrel-windows-x86_64 0.1.0 6.00 58.00 64.00 NOTE

Check Details

Version: 0.1.0
Check: LazyData
Result: NOTE 'LazyData' is specified without a 'data' directory Flavors: r-devel-linux-x86_64-debian-clang, r-devel-linux-x86_64-fedora-clang, r-devel-linux-x86_64-fedora-gcc, r-devel-windows-x86_64, r-patched-linux-x86_64, r-release-linux-x86_64, r-release-macos-arm64, r-release-macos-x86_64, r-release-windows-x86_64, r-oldrel-macos-arm64, r-oldrel-macos-x86_64, r-oldrel-windows-x86_64

Version: 0.1.0
Check: package dependencies
Result: ERROR Package required but not available: ‘stringr’ Package suggested but not available for checking: ‘testthat’ See section ‘The DESCRIPTION file’ in the ‘Writing R Extensions’ manual. Flavor: r-devel-linux-x86_64-debian-gcc