CRAN Package Check Results for Package ThankYouStars

Last updated on 2022-08-16 04:53:52 CEST.

Flavor Version Tinstall Tcheck Ttotal Status Flags
r-devel-linux-x86_64-debian-clang 0.2.0 1.92 25.41 27.33 NOTE
r-devel-linux-x86_64-debian-gcc 0.2.0 1.47 20.10 21.57 NOTE
r-devel-linux-x86_64-fedora-clang 0.2.0 45.79 NOTE
r-devel-linux-x86_64-fedora-gcc 0.2.0 53.21 NOTE
r-devel-windows-x86_64 0.2.0 11.00 182.00 193.00 NOTE
r-patched-linux-x86_64 0.2.0 2.26 24.82 27.08 NOTE
r-release-linux-x86_64 0.2.0 1.95 25.14 27.09 NOTE
r-release-macos-arm64 0.2.0 19.00 NOTE
r-release-macos-x86_64 0.2.0 87.00 NOTE
r-release-windows-x86_64 0.2.0 23.00 49.00 72.00 NOTE
r-oldrel-macos-arm64 0.2.0 24.00 NOTE
r-oldrel-macos-x86_64 0.2.0 49.00 NOTE
r-oldrel-windows-ix86+x86_64 0.2.0 5.00 48.00 53.00 NOTE

Check Details

Version: 0.2.0
Check: LazyData
Result: NOTE
     'LazyData' is specified without a 'data' directory
Flavors: r-devel-linux-x86_64-debian-clang, r-devel-linux-x86_64-debian-gcc, r-devel-linux-x86_64-fedora-clang, r-devel-linux-x86_64-fedora-gcc, r-devel-windows-x86_64, r-patched-linux-x86_64, r-release-linux-x86_64, r-release-macos-arm64, r-release-macos-x86_64, r-release-windows-x86_64, r-oldrel-macos-arm64, r-oldrel-macos-x86_64, r-oldrel-windows-ix86+x86_64