Last updated on 2023-01-31 23:52:33 CET.
Flavor | Version | Tinstall | Tcheck | Ttotal | Status | Flags |
---|---|---|---|---|---|---|
r-devel-linux-x86_64-debian-clang | 1.4.0 | 141.36 | 286.50 | 427.86 | NOTE | |
r-devel-linux-x86_64-debian-gcc | 1.4.0 | 116.44 | 209.31 | 325.75 | NOTE | |
r-devel-linux-x86_64-fedora-clang | 1.5.1 | 681.24 | NOTE | |||
r-devel-linux-x86_64-fedora-gcc | 1.5.1 | 729.13 | NOTE | |||
r-devel-windows-x86_64 | 1.4.0 | 256.00 | 376.00 | 632.00 | NOTE | |
r-patched-linux-x86_64 | 1.4.0 | 128.41 | 270.48 | 398.89 | NOTE | |
r-release-linux-x86_64 | 1.4.0 | 126.06 | 273.76 | 399.82 | NOTE | |
r-release-macos-arm64 | 1.5.1 | 164.00 | NOTE | |||
r-release-macos-x86_64 | 1.4.0 | 213.00 | NOTE | |||
r-release-windows-x86_64 | 1.5.1 | 182.00 | 384.00 | 566.00 | NOTE | |
r-oldrel-macos-arm64 | 1.5.1 | 155.00 | NOTE | |||
r-oldrel-macos-x86_64 | 1.4.0 | 201.00 | NOTE | |||
r-oldrel-windows-ix86+x86_64 | 1.4.0 | 371.00 | 721.00 | 1092.00 | NOTE |
Version: 1.4.0
Check: package dependencies
Result: NOTE
Package suggested but not available for checking: ‘gurobi’
Flavors: r-devel-linux-x86_64-debian-clang, r-devel-linux-x86_64-debian-gcc, r-devel-windows-x86_64, r-patched-linux-x86_64, r-release-linux-x86_64, r-release-macos-x86_64, r-oldrel-macos-x86_64, r-oldrel-windows-ix86+x86_64
Version: 1.4.0
Check: C++ specification
Result: NOTE
Specified C++11: please update to current default of C++17
Flavors: r-devel-linux-x86_64-debian-clang, r-devel-linux-x86_64-debian-gcc, r-devel-windows-x86_64
Version: 1.5.1
Check: package dependencies
Result: NOTE
Package suggested but not available for checking: ‘gurobi’
Flavors: r-devel-linux-x86_64-fedora-clang, r-devel-linux-x86_64-fedora-gcc, r-release-macos-arm64, r-release-windows-x86_64, r-oldrel-macos-arm64
Version: 1.5.1
Check: installed package size
Result: NOTE
installed size is 9.0Mb
sub-directories of 1Mb or more:
libs 6.6Mb
Flavors: r-release-macos-arm64, r-oldrel-macos-arm64
Version: 1.4.0
Check: installed package size
Result: NOTE
installed size is 7.1Mb
sub-directories of 1Mb or more:
libs 4.7Mb
Flavors: r-release-macos-x86_64, r-oldrel-macos-x86_64